{"id":1979,"date":"2017-01-03T23:04:55","date_gmt":"2017-01-03T22:04:55","guid":{"rendered":"http:\/\/www.erfinde-dein-spiel.de\/spiele\/shop\/spiele-kategorie\/familienspiele\/dantes-reise-auf-den-laeuterungsberg\/"},"modified":"2024-07-17T01:31:38","modified_gmt":"2024-07-16T23:31:38","slug":"dantes-reise-auf-den-laeuterungsberg","status":"publish","type":"product","link":"https:\/\/www.erfinde-dein-spiel.de\/spiele\/shop\/spiel-thema\/literatur-kunst\/dantes-reise-auf-den-laeuterungsberg\/","title":{"rendered":"Dantes Reise auf den L\u00e4uterungsberg"},"content":{"rendered":"<h3>Das Spiel<\/h3>\n<p><em>Dantes Reise auf den L\u00e4uterungsberg<\/em>\u00a0ist <strong>ein Brettspiel f\u00fcr 3 bis 8\u00a0Spieler. ab 14 Jahren.<\/strong> Es basiert auf dem zweiten\u00a0Teil der <em>G\u00f6ttlichen Kom\u00f6die<\/em> von Dante Alighieri, der Reise auf den\u00a0L\u00e4uterungsberg.<\/p>\n<p>Dantes L\u00e4uterungsberg besteht aus sieben Terrassen. Jede steht f\u00fcr eine der Tods\u00fcnden: Stolz, Neid, Zorn, Tr\u00e4gheit, Habgier, V\u00f6llerei und Wollust. Wie die S\u00fcnder bei Dante umrunden die Spieler jede Terrasse so lange, bis sie alle ihre mit dieser Tods\u00fcnde verbundenen S\u00fcnden verb\u00fc\u00dft haben. Jeder Spieler schl\u00fcpft dabei in die Rolle eines S\u00fcnders aus der Zeit Dantes, wie etwa die eines ma\u00dflosen Bankers oder einer genusss\u00fcchtigen \u00c4btissin. Diese bestimmt, wie viele S\u00fcnden auf einer Terrasse abzub\u00fc\u00dfen sind. Anstatt zu w\u00fcrfeln, spielen die Spieler sogenannte Bu\u00dfkarten aus, um sich fortzubewegen, die S\u00fcnden ihrer Figur abzub\u00fc\u00dfen und sie schlie\u00dflich in den Himmel zu f\u00fchren. Auf ihrem Weg begegnen die Spieler anderen S\u00fcndern und himmlischen Wesen aus der G\u00f6ttlichen Kom\u00f6die, die ihnen helfen k\u00f6nnen, schneller ans Ziel zu kommen.<\/p>\n<h3>Spielmaterial<\/h3>\n<ul>\n<li>1 Spielplan (LKW-Plane), Gr\u00f6\u00dfe 50 x 50\u00a0cm<\/li>\n<li><span class=\"a-list-item\">148 Spielkarten mit Figuren, Szenen und Ereignissen der G\u00f6ttlichen Kom\u00f6die<\/span><\/li>\n<li><span class=\"a-list-item\">10 Spielfiguren aus Holz mit Konterfeis + 30 Spielsteine<\/span><\/li>\n<li><span class=\"a-list-item\">1 B\u00fcchlein mit Hintergr\u00fcnden zur G\u00f6ttlichen Kom\u00f6die + 1 Spielregel<\/span><\/li>\n<li><span class=\"a-list-item\">verpackt in einer transportablen Rolle (Rolle aus Pappe, bezogen mit gelbem Papier, L\u00e4nge 54 cm, Durchmesser 8 cm)<\/span><\/li>\n<\/ul>\n<h3>Das Wichtigste in K\u00fcrze<\/h3>\n<ul>\n<li>Art des Spiels:\u00a0Lernspiel, Strategiespiel, Wissens-, Denk- und Quizspiel<\/li>\n<li>Ausf\u00fchrung: Spielplan auf LKW-Plane \u2013 rollbar und robust, verpackt in eine gelbe Papprolle<\/li>\n<li>Zubeh\u00f6r: Spielfiguren und W\u00fcrfel aus bunt lackiertem Holz<\/li>\n<li>Spielthema:\u00a0Literatur \/ Kunst<\/li>\n<li>Anzahl Spieler: 3\u00a0\u2013 8\u00a0Spieler<\/li>\n<li>Empfohlenes Alter: ab 14 Jahren<\/li>\n<li>Spieldauer: etwa 60\u00a0Minuten<\/li>\n<\/ul>\n<h3>SHOP<\/h3>\n<blockquote class=\"wp-embedded-content\" data-secret=\"oSJymHoDrD\"><p><a href=\"https:\/\/www.erfinde-dein-spiel.de\/spiele\/shop\/spiel-thema\/literatur-kunst\/dantes-reise-durch-die-hoelle\/\">Dantes Reise durch die H\u00f6lle<\/a><\/p><\/blockquote>\n<p><iframe class=\"wp-embedded-content\" sandbox=\"allow-scripts\" security=\"restricted\" style=\"position: absolute; clip: rect(1px, 1px, 1px, 1px);\" title=\"&#8222;Dantes Reise durch die H\u00f6lle&#8220; &#8212; (er-)finde DEIN Spiel\" src=\"https:\/\/www.erfinde-dein-spiel.de\/spiele\/shop\/spiel-thema\/literatur-kunst\/dantes-reise-durch-die-hoelle\/embed\/#?secret=OoF5okXXna#?secret=oSJymHoDrD\" data-secret=\"oSJymHoDrD\" width=\"500\" height=\"282\" frameborder=\"0\" marginwidth=\"0\" marginheight=\"0\" scrolling=\"no\"><\/iframe><\/p>\n<h3>Links<\/h3>\n<ul>\n<li><a href=\"http:\/\/www.foulland.com\/programm\/dantes-reise-auf-den-lauterungsberg\/beschreibung\/\">Ausf\u00fchrliche Infos zum Spiel auf der Seite des Autors<\/a><\/li>\n<li><a href=\"http:\/\/www.foulland.com\/programm\/dantes-reise-auf-den-lauterungsberg\/spielregeln\/\">Spielregeln als pdf zum Download<\/a><\/li>\n<li><a href=\"https:\/\/www.amazon.de\/Dantes-Reise-auf-den-L%C3%A4uterungsberg\/dp\/B01N8YL8QH\/\">Das Spiel bei Amazon<\/a><\/li>\n<\/ul>\n<p>keywords: dantes reise auf den l\u00e4uterungsberg, dante alighieri, g\u00f6ttliche kom\u00f6die, brettspiel<\/p>\n","protected":false},"excerpt":{"rendered":"<p><a href=\"http:\/\/www.erfinde-dein-spiel.de\/spiele\/shops-autoren\/editions-foulland\/\" target=\"_blank\" rel=\"noopener\">Shop: EDITIONS FOULLAND<\/a><\/p>\n<p>Dante Alighieri beschreibt in seiner G\u00f6ttlichen Kom\u00f6die, wie er zur Bu\u00dfe die drei Jenseitsreiche H\u00f6lle, Fegefeuer und Paradies durchwandert \u2013 in der Spieleserie Dantes Reise begibst du dich auf seine Spuren: im Spiel <b>\u201e<\/b>Dantes Reise auf den L\u00e4uterungsberg<b>\u201c<\/b> erklimmst du den schmerzensreichen L\u00e4uterungsberg (das Fegefeuer).<\/p>\n<ul>\n<li>F\u00fcr 3\u00a0\u2013 8\u00a0Spieler ab 14 Jahren<\/li>\n<li>Rollbarer Spielplan aus LKW-Plane, Gr\u00f6\u00dfe 50 x 50\u00a0cm, Zubeh\u00f6r: Karten, runde Spielsteine, Charakter-Spielfiguren. Verpackung: Papprolle gelb, L\u00e4nge 55\u00a0cm, Durchmesser 8\u00a0cm<\/li>\n<\/ul>\n","protected":false},"featured_media":1980,"comment_status":"open","ping_status":"closed","template":"","meta":{"_themeisle_gutenberg_block_has_review":false},"product_cat":[412,316,352,351,249,248,270,251],"product_tag":[415,414,416,417],"yoast_head":"<!-- This site is optimized with the Yoast SEO plugin v22.6 - https:\/\/yoast.com\/wordpress\/plugins\/seo\/ -->\n<title>Dantes Reise auf den L\u00e4uterungsberg - (er-)finde DEIN Spiel<\/title>\n<meta name=\"description\" content=\"Dantes Reise auf den L\u00e4uterungsberg ist ein Brettspiel f\u00fcr 3 bis 8 Spieler ab 14 J. Es basiert auf dem 2. Teil der G\u00f6ttlichen Kom\u00f6die von Dante Alighieri.\" \/>\n<meta name=\"robots\" content=\"index, follow, max-snippet:-1, max-image-preview:large, max-video-preview:-1\" \/>\n<link rel=\"canonical\" href=\"https:\/\/www.erfinde-dein-spiel.de\/spiele\/shop\/spiel-thema\/literatur-kunst\/dantes-reise-auf-den-laeuterungsberg\/\" \/>\n<meta property=\"og:locale\" content=\"de_DE\" \/>\n<meta property=\"og:type\" content=\"article\" \/>\n<meta property=\"og:title\" content=\"Dantes Reise auf den L\u00e4uterungsberg - (er-)finde DEIN Spiel\" \/>\n<meta property=\"og:description\" content=\"Dantes Reise auf den L\u00e4uterungsberg ist ein Brettspiel f\u00fcr 3 bis 8 Spieler ab 14 J. Es basiert auf dem 2. Teil der G\u00f6ttlichen Kom\u00f6die von Dante Alighieri.\" \/>\n<meta property=\"og:url\" content=\"https:\/\/www.erfinde-dein-spiel.de\/spiele\/shop\/spiel-thema\/literatur-kunst\/dantes-reise-auf-den-laeuterungsberg\/\" \/>\n<meta property=\"og:site_name\" content=\"(er-)finde DEIN Spiel\" \/>\n<meta property=\"article:modified_time\" content=\"2024-07-16T23:31:38+00:00\" \/>\n<meta property=\"og:image\" content=\"http:\/\/www.erfinde-dein-spiel.de\/spiele\/wp-content\/uploads\/2017\/01\/dantes-reise-2-spielplan-max.jpg\" \/>\n\t<meta property=\"og:image:width\" content=\"800\" \/>\n\t<meta property=\"og:image:height\" content=\"800\" \/>\n\t<meta property=\"og:image:type\" content=\"image\/jpeg\" \/>\n<meta name=\"twitter:card\" content=\"summary_large_image\" \/>\n<meta name=\"twitter:label1\" content=\"Gesch\u00e4tzte Lesezeit\" \/>\n\t<meta name=\"twitter:data1\" content=\"2 Minuten\" \/>\n<script type=\"application\/ld+json\" class=\"yoast-schema-graph\">{\"@context\":\"https:\/\/schema.org\",\"@graph\":[{\"@type\":\"WebPage\",\"@id\":\"https:\/\/www.erfinde-dein-spiel.de\/spiele\/shop\/spiel-thema\/literatur-kunst\/dantes-reise-auf-den-laeuterungsberg\/\",\"url\":\"https:\/\/www.erfinde-dein-spiel.de\/spiele\/shop\/spiel-thema\/literatur-kunst\/dantes-reise-auf-den-laeuterungsberg\/\",\"name\":\"Dantes Reise auf den L\u00e4uterungsberg - (er-)finde DEIN Spiel\",\"isPartOf\":{\"@id\":\"https:\/\/www.erfinde-dein-spiel.de\/spiele\/#website\"},\"primaryImageOfPage\":{\"@id\":\"https:\/\/www.erfinde-dein-spiel.de\/spiele\/shop\/spiel-thema\/literatur-kunst\/dantes-reise-auf-den-laeuterungsberg\/#primaryimage\"},\"image\":{\"@id\":\"https:\/\/www.erfinde-dein-spiel.de\/spiele\/shop\/spiel-thema\/literatur-kunst\/dantes-reise-auf-den-laeuterungsberg\/#primaryimage\"},\"thumbnailUrl\":\"https:\/\/www.erfinde-dein-spiel.de\/spiele\/wp-content\/uploads\/2017\/01\/dantes-reise-2-spielplan-max.jpg\",\"datePublished\":\"2017-01-03T22:04:55+00:00\",\"dateModified\":\"2024-07-16T23:31:38+00:00\",\"description\":\"Dantes Reise auf den L\u00e4uterungsberg ist ein Brettspiel f\u00fcr 3 bis 8 Spieler ab 14 J. Es basiert auf dem 2. Teil der G\u00f6ttlichen Kom\u00f6die von Dante Alighieri.\",\"breadcrumb\":{\"@id\":\"https:\/\/www.erfinde-dein-spiel.de\/spiele\/shop\/spiel-thema\/literatur-kunst\/dantes-reise-auf-den-laeuterungsberg\/#breadcrumb\"},\"inLanguage\":\"de-DE\",\"potentialAction\":[{\"@type\":\"ReadAction\",\"target\":[\"https:\/\/www.erfinde-dein-spiel.de\/spiele\/shop\/spiel-thema\/literatur-kunst\/dantes-reise-auf-den-laeuterungsberg\/\"]}]},{\"@type\":\"ImageObject\",\"inLanguage\":\"de-DE\",\"@id\":\"https:\/\/www.erfinde-dein-spiel.de\/spiele\/shop\/spiel-thema\/literatur-kunst\/dantes-reise-auf-den-laeuterungsberg\/#primaryimage\",\"url\":\"https:\/\/www.erfinde-dein-spiel.de\/spiele\/wp-content\/uploads\/2017\/01\/dantes-reise-2-spielplan-max.jpg\",\"contentUrl\":\"https:\/\/www.erfinde-dein-spiel.de\/spiele\/wp-content\/uploads\/2017\/01\/dantes-reise-2-spielplan-max.jpg\",\"width\":800,\"height\":800,\"caption\":\"dantes reise auf den l\u00e4uterungsberg spielplan\"},{\"@type\":\"BreadcrumbList\",\"@id\":\"https:\/\/www.erfinde-dein-spiel.de\/spiele\/shop\/spiel-thema\/literatur-kunst\/dantes-reise-auf-den-laeuterungsberg\/#breadcrumb\",\"itemListElement\":[{\"@type\":\"ListItem\",\"position\":1,\"name\":\"Home\",\"item\":\"https:\/\/www.erfinde-dein-spiel.de\/spiele\/\"},{\"@type\":\"ListItem\",\"position\":2,\"name\":\"Shop\",\"item\":\"https:\/\/www.erfinde-dein-spiel.de\/spiele\/\"},{\"@type\":\"ListItem\",\"position\":3,\"name\":\"Dantes Reise auf den L\u00e4uterungsberg\"}]},{\"@type\":\"WebSite\",\"@id\":\"https:\/\/www.erfinde-dein-spiel.de\/spiele\/#website\",\"url\":\"https:\/\/www.erfinde-dein-spiel.de\/spiele\/\",\"name\":\"(er-)finde DEIN Spiel\",\"description\":\"Spiele aus der Community. Powered by Spieltz.\",\"potentialAction\":[{\"@type\":\"SearchAction\",\"target\":{\"@type\":\"EntryPoint\",\"urlTemplate\":\"https:\/\/www.erfinde-dein-spiel.de\/spiele\/?s={search_term_string}\"},\"query-input\":\"required name=search_term_string\"}],\"inLanguage\":\"de-DE\"}]}<\/script>\n<!-- \/ Yoast SEO plugin. -->","yoast_head_json":{"title":"Dantes Reise auf den L\u00e4uterungsberg - (er-)finde DEIN Spiel","description":"Dantes Reise auf den L\u00e4uterungsberg ist ein Brettspiel f\u00fcr 3 bis 8 Spieler ab 14 J. Es basiert auf dem 2. Teil der G\u00f6ttlichen Kom\u00f6die von Dante Alighieri.","robots":{"index":"index","follow":"follow","max-snippet":"max-snippet:-1","max-image-preview":"max-image-preview:large","max-video-preview":"max-video-preview:-1"},"canonical":"https:\/\/www.erfinde-dein-spiel.de\/spiele\/shop\/spiel-thema\/literatur-kunst\/dantes-reise-auf-den-laeuterungsberg\/","og_locale":"de_DE","og_type":"article","og_title":"Dantes Reise auf den L\u00e4uterungsberg - (er-)finde DEIN Spiel","og_description":"Dantes Reise auf den L\u00e4uterungsberg ist ein Brettspiel f\u00fcr 3 bis 8 Spieler ab 14 J. Es basiert auf dem 2. Teil der G\u00f6ttlichen Kom\u00f6die von Dante Alighieri.","og_url":"https:\/\/www.erfinde-dein-spiel.de\/spiele\/shop\/spiel-thema\/literatur-kunst\/dantes-reise-auf-den-laeuterungsberg\/","og_site_name":"(er-)finde DEIN Spiel","article_modified_time":"2024-07-16T23:31:38+00:00","og_image":[{"width":800,"height":800,"url":"http:\/\/www.erfinde-dein-spiel.de\/spiele\/wp-content\/uploads\/2017\/01\/dantes-reise-2-spielplan-max.jpg","type":"image\/jpeg"}],"twitter_card":"summary_large_image","twitter_misc":{"Gesch\u00e4tzte Lesezeit":"2 Minuten"},"schema":{"@context":"https:\/\/schema.org","@graph":[{"@type":"WebPage","@id":"https:\/\/www.erfinde-dein-spiel.de\/spiele\/shop\/spiel-thema\/literatur-kunst\/dantes-reise-auf-den-laeuterungsberg\/","url":"https:\/\/www.erfinde-dein-spiel.de\/spiele\/shop\/spiel-thema\/literatur-kunst\/dantes-reise-auf-den-laeuterungsberg\/","name":"Dantes Reise auf den L\u00e4uterungsberg - (er-)finde DEIN Spiel","isPartOf":{"@id":"https:\/\/www.erfinde-dein-spiel.de\/spiele\/#website"},"primaryImageOfPage":{"@id":"https:\/\/www.erfinde-dein-spiel.de\/spiele\/shop\/spiel-thema\/literatur-kunst\/dantes-reise-auf-den-laeuterungsberg\/#primaryimage"},"image":{"@id":"https:\/\/www.erfinde-dein-spiel.de\/spiele\/shop\/spiel-thema\/literatur-kunst\/dantes-reise-auf-den-laeuterungsberg\/#primaryimage"},"thumbnailUrl":"https:\/\/www.erfinde-dein-spiel.de\/spiele\/wp-content\/uploads\/2017\/01\/dantes-reise-2-spielplan-max.jpg","datePublished":"2017-01-03T22:04:55+00:00","dateModified":"2024-07-16T23:31:38+00:00","description":"Dantes Reise auf den L\u00e4uterungsberg ist ein Brettspiel f\u00fcr 3 bis 8 Spieler ab 14 J. Es basiert auf dem 2. Teil der G\u00f6ttlichen Kom\u00f6die von Dante Alighieri.","breadcrumb":{"@id":"https:\/\/www.erfinde-dein-spiel.de\/spiele\/shop\/spiel-thema\/literatur-kunst\/dantes-reise-auf-den-laeuterungsberg\/#breadcrumb"},"inLanguage":"de-DE","potentialAction":[{"@type":"ReadAction","target":["https:\/\/www.erfinde-dein-spiel.de\/spiele\/shop\/spiel-thema\/literatur-kunst\/dantes-reise-auf-den-laeuterungsberg\/"]}]},{"@type":"ImageObject","inLanguage":"de-DE","@id":"https:\/\/www.erfinde-dein-spiel.de\/spiele\/shop\/spiel-thema\/literatur-kunst\/dantes-reise-auf-den-laeuterungsberg\/#primaryimage","url":"https:\/\/www.erfinde-dein-spiel.de\/spiele\/wp-content\/uploads\/2017\/01\/dantes-reise-2-spielplan-max.jpg","contentUrl":"https:\/\/www.erfinde-dein-spiel.de\/spiele\/wp-content\/uploads\/2017\/01\/dantes-reise-2-spielplan-max.jpg","width":800,"height":800,"caption":"dantes reise auf den l\u00e4uterungsberg spielplan"},{"@type":"BreadcrumbList","@id":"https:\/\/www.erfinde-dein-spiel.de\/spiele\/shop\/spiel-thema\/literatur-kunst\/dantes-reise-auf-den-laeuterungsberg\/#breadcrumb","itemListElement":[{"@type":"ListItem","position":1,"name":"Home","item":"https:\/\/www.erfinde-dein-spiel.de\/spiele\/"},{"@type":"ListItem","position":2,"name":"Shop","item":"https:\/\/www.erfinde-dein-spiel.de\/spiele\/"},{"@type":"ListItem","position":3,"name":"Dantes Reise auf den L\u00e4uterungsberg"}]},{"@type":"WebSite","@id":"https:\/\/www.erfinde-dein-spiel.de\/spiele\/#website","url":"https:\/\/www.erfinde-dein-spiel.de\/spiele\/","name":"(er-)finde DEIN Spiel","description":"Spiele aus der Community. Powered by Spieltz.","potentialAction":[{"@type":"SearchAction","target":{"@type":"EntryPoint","urlTemplate":"https:\/\/www.erfinde-dein-spiel.de\/spiele\/?s={search_term_string}"},"query-input":"required name=search_term_string"}],"inLanguage":"de-DE"}]}},"_links":{"self":[{"href":"https:\/\/www.erfinde-dein-spiel.de\/spiele\/wp-json\/wp\/v2\/product\/1979"}],"collection":[{"href":"https:\/\/www.erfinde-dein-spiel.de\/spiele\/wp-json\/wp\/v2\/product"}],"about":[{"href":"https:\/\/www.erfinde-dein-spiel.de\/spiele\/wp-json\/wp\/v2\/types\/product"}],"replies":[{"embeddable":true,"href":"https:\/\/www.erfinde-dein-spiel.de\/spiele\/wp-json\/wp\/v2\/comments?post=1979"}],"wp:featuredmedia":[{"embeddable":true,"href":"https:\/\/www.erfinde-dein-spiel.de\/spiele\/wp-json\/wp\/v2\/media\/1980"}],"wp:attachment":[{"href":"https:\/\/www.erfinde-dein-spiel.de\/spiele\/wp-json\/wp\/v2\/media?parent=1979"}],"wp:term":[{"taxonomy":"product_cat","embeddable":true,"href":"https:\/\/www.erfinde-dein-spiel.de\/spiele\/wp-json\/wp\/v2\/product_cat?post=1979"},{"taxonomy":"product_tag","embeddable":true,"href":"https:\/\/www.erfinde-dein-spiel.de\/spiele\/wp-json\/wp\/v2\/product_tag?post=1979"}],"curies":[{"name":"wp","href":"https:\/\/api.w.org\/{rel}","templated":true}]}}