{"id":1542,"date":"2015-11-15T23:54:32","date_gmt":"2015-11-15T22:54:32","guid":{"rendered":"http:\/\/www.erfinde-dein-spiel.de\/shop\/unkategorisiert\/die-spielbare-weihnachtskarte\/"},"modified":"2016-01-18T23:17:53","modified_gmt":"2016-01-18T22:17:53","slug":"die-spielbare-weihnachtskarte","status":"publish","type":"product","link":"https:\/\/www.erfinde-dein-spiel.de\/spiele\/shop\/spieleshop-autor\/shop-spieltz-spiele\/die-spielbare-weihnachtskarte\/","title":{"rendered":"Die spielbare Weihnachtskarte"},"content":{"rendered":"<h3><span style=\"line-height: 1.3em;\">Spielformat<\/span><\/h3>\n<p><span style=\"line-height: 1.3em;\">Die spielbare WEIHNACHTSKARTE ist zugleich ein Brettspiel f\u00fcr die ganze Familie!<\/span><\/p>\n<p>Klappkarte in Gr\u00f6\u00dfe DIN A4: Auf der Vorderseite befindet sich das spielbare Bild, auf der R\u00fcckseite ist die Anleitung untergebracht, und auf den Innenseiten habt Ihr Platz f\u00fcr Euren eigenen Gru\u00dftext.<\/p>\n<p>Die Karte k\u00f6nnt Ihr OHNE oder MIT Spielfiguren bestellen. Im Spiel gebraucht werden Standard-P\u00f6ppel und ein W\u00fcrfel, die auch aus einem anderen Spiel entlehnt werden k\u00f6nnen &#8211; wer gern spielt, hat genug davon zu Hause. Die Pl\u00e4ttchen, die man f\u00fcr das Spiel braucht, k\u00f6nnen aus der Karte ausgeschnitten werden (R\u00fcckseite au\u00dfen, ganz unten, die Karte wird also dadurch nicht zerst\u00f6rt).<\/p>\n<h3><strong>Das Spiel<\/strong><\/h3>\n<p>Wer schafft es als Erster, die Spitze des Weihnachtsbaumes zu erklimmen? Die Spielbahn geht im Zickzack vom Stamm bis zur Spitze, geklettert wird von Christbaumkugel zu Christbaumkugel. Zwischendrin h\u00e4ngen auch Lebkuchen, Zuckerstangen und andere sch\u00f6ne Dinge, die dem Spieler auf seinem Weg nach oben Gl\u00fcck oder Pech bringen.<\/p>\n<p><span style=\"line-height: 1.3em;\">Bevor Ihr loslegt, wird der Christbaumfertig geschm\u00fcckt: Bunte Pl\u00e4ttchen (Christbaumschmuck) werden auf beliebige Spielfelder gelegt, und zwar mit der Bildseite nach<\/span><em>unten<\/em><span style=\"line-height: 1.3em;\">, so dass man die Bilder nicht sehen kann. Wer auf ein solches Feld kommt, dreht das Pl\u00e4ttchen um, f\u00fchrt die Aktion durch und legt es &#8211; wieder verdeckt &#8211; auf ein anderes Feld. Wer sich merken kann, was sich hinter welchem Pl\u00e4ttchen verbirgt, ist im Vorteil!<\/span><\/p>\n<p><span style=\"line-height: 1.3em;\">Wer als Erster mit seinen beiden Spielfiguren Feld 63 (=der Stern an der Spitze) erreicht, hat gewonnen!<\/span><\/p>\n<div style=\"text-align: justify;\">\n<h3 style=\"line-height: 16.8999996185303px;\">Die spielbare Weihnachtskarte als Werbespiel<\/h3>\n<p>&#8222;Die spielbare Weihnachtkarte&#8220; ist &#8211; wie alle Spiele aus unserem eigenen Verlagsprogramm &#8211; auch erh\u00e4ltlich als Werbespiel mit Firmenlogo, oder wir gestalten es komplett um und passen es an das Corporate Design des Unternehmens an. Mehr \u00fcber unsere\u00a0<a href=\"http:\/\/spieltz.de\/werbespiele\/\" target=\"_blank\">Werbespiele\u00a0in unserem Werbespiele-Shop.<\/a><\/div>\n","protected":false},"excerpt":{"rendered":"<p><a href=\"http:\/\/www.erfinde-dein-spiel.de\/spiele\/shops-autoren\/shop-spieltz-verlagsprogramm\/\" target=\"_blank\">Shop: SPIELTZ VERLAGSPROGRAMM<\/a><\/p>\n<p>Die spielbare WEIHNACHTSKARTE ist zugleich Weihnachtskarte (Klappkarte im Format DIN A4) und Brettspiel f\u00fcr die ganze Familie! Wer schafft es als Erster, die Spitze des Weihnachtsbaumes zu erklimmen?<\/p>\n","protected":false},"featured_media":1544,"comment_status":"open","ping_status":"closed","template":"","meta":{"_themeisle_gutenberg_block_has_review":false},"product_cat":[328,261,283,260,274,258,267],"product_tag":[],"yoast_head":"<!-- This site is optimized with the Yoast SEO plugin v22.6 - https:\/\/yoast.com\/wordpress\/plugins\/seo\/ -->\n<title>Die spielbare Weihnachtskarte - (er-)finde DEIN Spiel<\/title>\n<meta name=\"robots\" content=\"index, follow, max-snippet:-1, max-image-preview:large, max-video-preview:-1\" \/>\n<link rel=\"canonical\" href=\"https:\/\/www.erfinde-dein-spiel.de\/spiele\/shop\/spieleshop-autor\/shop-spieltz-spiele\/die-spielbare-weihnachtskarte\/\" \/>\n<meta property=\"og:locale\" content=\"de_DE\" \/>\n<meta property=\"og:type\" content=\"article\" \/>\n<meta property=\"og:title\" content=\"Die spielbare Weihnachtskarte - (er-)finde DEIN Spiel\" \/>\n<meta property=\"og:description\" content=\"Shop: SPIELTZ VERLAGSPROGRAMM  Die spielbare WEIHNACHTSKARTE ist zugleich Weihnachtskarte (Klappkarte im Format DIN A4) und Brettspiel f\u00fcr die ganze Familie! Wer schafft es als Erster, die Spitze des Weihnachtsbaumes zu erklimmen?\" \/>\n<meta property=\"og:url\" content=\"https:\/\/www.erfinde-dein-spiel.de\/spiele\/shop\/spieleshop-autor\/shop-spieltz-spiele\/die-spielbare-weihnachtskarte\/\" \/>\n<meta property=\"og:site_name\" content=\"(er-)finde DEIN Spiel\" \/>\n<meta property=\"article:modified_time\" content=\"2016-01-18T22:17:53+00:00\" \/>\n<meta property=\"og:image\" content=\"https:\/\/www.erfinde-dein-spiel.de\/spiele\/wp-content\/uploads\/2015\/11\/PP_550_733.jpg\" \/>\n\t<meta property=\"og:image:width\" content=\"500\" \/>\n\t<meta property=\"og:image:height\" content=\"505\" \/>\n\t<meta property=\"og:image:type\" content=\"image\/jpeg\" \/>\n<meta name=\"twitter:card\" content=\"summary_large_image\" \/>\n<meta name=\"twitter:label1\" content=\"Gesch\u00e4tzte Lesezeit\" \/>\n\t<meta name=\"twitter:data1\" content=\"2 Minuten\" \/>\n<script type=\"application\/ld+json\" class=\"yoast-schema-graph\">{\"@context\":\"https:\/\/schema.org\",\"@graph\":[{\"@type\":\"WebPage\",\"@id\":\"https:\/\/www.erfinde-dein-spiel.de\/spiele\/shop\/spieleshop-autor\/shop-spieltz-spiele\/die-spielbare-weihnachtskarte\/\",\"url\":\"https:\/\/www.erfinde-dein-spiel.de\/spiele\/shop\/spieleshop-autor\/shop-spieltz-spiele\/die-spielbare-weihnachtskarte\/\",\"name\":\"Die spielbare Weihnachtskarte - (er-)finde DEIN Spiel\",\"isPartOf\":{\"@id\":\"https:\/\/www.erfinde-dein-spiel.de\/spiele\/#website\"},\"primaryImageOfPage\":{\"@id\":\"https:\/\/www.erfinde-dein-spiel.de\/spiele\/shop\/spieleshop-autor\/shop-spieltz-spiele\/die-spielbare-weihnachtskarte\/#primaryimage\"},\"image\":{\"@id\":\"https:\/\/www.erfinde-dein-spiel.de\/spiele\/shop\/spieleshop-autor\/shop-spieltz-spiele\/die-spielbare-weihnachtskarte\/#primaryimage\"},\"thumbnailUrl\":\"https:\/\/www.erfinde-dein-spiel.de\/spiele\/wp-content\/uploads\/2015\/11\/PP_550_733.jpg\",\"datePublished\":\"2015-11-15T22:54:32+00:00\",\"dateModified\":\"2016-01-18T22:17:53+00:00\",\"breadcrumb\":{\"@id\":\"https:\/\/www.erfinde-dein-spiel.de\/spiele\/shop\/spieleshop-autor\/shop-spieltz-spiele\/die-spielbare-weihnachtskarte\/#breadcrumb\"},\"inLanguage\":\"de-DE\",\"potentialAction\":[{\"@type\":\"ReadAction\",\"target\":[\"https:\/\/www.erfinde-dein-spiel.de\/spiele\/shop\/spieleshop-autor\/shop-spieltz-spiele\/die-spielbare-weihnachtskarte\/\"]}]},{\"@type\":\"ImageObject\",\"inLanguage\":\"de-DE\",\"@id\":\"https:\/\/www.erfinde-dein-spiel.de\/spiele\/shop\/spieleshop-autor\/shop-spieltz-spiele\/die-spielbare-weihnachtskarte\/#primaryimage\",\"url\":\"https:\/\/www.erfinde-dein-spiel.de\/spiele\/wp-content\/uploads\/2015\/11\/PP_550_733.jpg\",\"contentUrl\":\"https:\/\/www.erfinde-dein-spiel.de\/spiele\/wp-content\/uploads\/2015\/11\/PP_550_733.jpg\",\"width\":500,\"height\":505,\"caption\":\"die spielbare weihnachtskarte\"},{\"@type\":\"BreadcrumbList\",\"@id\":\"https:\/\/www.erfinde-dein-spiel.de\/spiele\/shop\/spieleshop-autor\/shop-spieltz-spiele\/die-spielbare-weihnachtskarte\/#breadcrumb\",\"itemListElement\":[{\"@type\":\"ListItem\",\"position\":1,\"name\":\"Home\",\"item\":\"https:\/\/www.erfinde-dein-spiel.de\/spiele\/\"},{\"@type\":\"ListItem\",\"position\":2,\"name\":\"Shop\",\"item\":\"https:\/\/www.erfinde-dein-spiel.de\/spiele\/\"},{\"@type\":\"ListItem\",\"position\":3,\"name\":\"Die spielbare Weihnachtskarte\"}]},{\"@type\":\"WebSite\",\"@id\":\"https:\/\/www.erfinde-dein-spiel.de\/spiele\/#website\",\"url\":\"https:\/\/www.erfinde-dein-spiel.de\/spiele\/\",\"name\":\"(er-)finde DEIN Spiel\",\"description\":\"Spiele aus der Community. Powered by Spieltz.\",\"potentialAction\":[{\"@type\":\"SearchAction\",\"target\":{\"@type\":\"EntryPoint\",\"urlTemplate\":\"https:\/\/www.erfinde-dein-spiel.de\/spiele\/?s={search_term_string}\"},\"query-input\":\"required name=search_term_string\"}],\"inLanguage\":\"de-DE\"}]}<\/script>\n<!-- \/ Yoast SEO plugin. -->","yoast_head_json":{"title":"Die spielbare Weihnachtskarte - (er-)finde DEIN Spiel","robots":{"index":"index","follow":"follow","max-snippet":"max-snippet:-1","max-image-preview":"max-image-preview:large","max-video-preview":"max-video-preview:-1"},"canonical":"https:\/\/www.erfinde-dein-spiel.de\/spiele\/shop\/spieleshop-autor\/shop-spieltz-spiele\/die-spielbare-weihnachtskarte\/","og_locale":"de_DE","og_type":"article","og_title":"Die spielbare Weihnachtskarte - (er-)finde DEIN Spiel","og_description":"Shop: SPIELTZ VERLAGSPROGRAMM  Die spielbare WEIHNACHTSKARTE ist zugleich Weihnachtskarte (Klappkarte im Format DIN A4) und Brettspiel f\u00fcr die ganze Familie! Wer schafft es als Erster, die Spitze des Weihnachtsbaumes zu erklimmen?","og_url":"https:\/\/www.erfinde-dein-spiel.de\/spiele\/shop\/spieleshop-autor\/shop-spieltz-spiele\/die-spielbare-weihnachtskarte\/","og_site_name":"(er-)finde DEIN Spiel","article_modified_time":"2016-01-18T22:17:53+00:00","og_image":[{"width":500,"height":505,"url":"https:\/\/www.erfinde-dein-spiel.de\/spiele\/wp-content\/uploads\/2015\/11\/PP_550_733.jpg","type":"image\/jpeg"}],"twitter_card":"summary_large_image","twitter_misc":{"Gesch\u00e4tzte Lesezeit":"2 Minuten"},"schema":{"@context":"https:\/\/schema.org","@graph":[{"@type":"WebPage","@id":"https:\/\/www.erfinde-dein-spiel.de\/spiele\/shop\/spieleshop-autor\/shop-spieltz-spiele\/die-spielbare-weihnachtskarte\/","url":"https:\/\/www.erfinde-dein-spiel.de\/spiele\/shop\/spieleshop-autor\/shop-spieltz-spiele\/die-spielbare-weihnachtskarte\/","name":"Die spielbare Weihnachtskarte - (er-)finde DEIN Spiel","isPartOf":{"@id":"https:\/\/www.erfinde-dein-spiel.de\/spiele\/#website"},"primaryImageOfPage":{"@id":"https:\/\/www.erfinde-dein-spiel.de\/spiele\/shop\/spieleshop-autor\/shop-spieltz-spiele\/die-spielbare-weihnachtskarte\/#primaryimage"},"image":{"@id":"https:\/\/www.erfinde-dein-spiel.de\/spiele\/shop\/spieleshop-autor\/shop-spieltz-spiele\/die-spielbare-weihnachtskarte\/#primaryimage"},"thumbnailUrl":"https:\/\/www.erfinde-dein-spiel.de\/spiele\/wp-content\/uploads\/2015\/11\/PP_550_733.jpg","datePublished":"2015-11-15T22:54:32+00:00","dateModified":"2016-01-18T22:17:53+00:00","breadcrumb":{"@id":"https:\/\/www.erfinde-dein-spiel.de\/spiele\/shop\/spieleshop-autor\/shop-spieltz-spiele\/die-spielbare-weihnachtskarte\/#breadcrumb"},"inLanguage":"de-DE","potentialAction":[{"@type":"ReadAction","target":["https:\/\/www.erfinde-dein-spiel.de\/spiele\/shop\/spieleshop-autor\/shop-spieltz-spiele\/die-spielbare-weihnachtskarte\/"]}]},{"@type":"ImageObject","inLanguage":"de-DE","@id":"https:\/\/www.erfinde-dein-spiel.de\/spiele\/shop\/spieleshop-autor\/shop-spieltz-spiele\/die-spielbare-weihnachtskarte\/#primaryimage","url":"https:\/\/www.erfinde-dein-spiel.de\/spiele\/wp-content\/uploads\/2015\/11\/PP_550_733.jpg","contentUrl":"https:\/\/www.erfinde-dein-spiel.de\/spiele\/wp-content\/uploads\/2015\/11\/PP_550_733.jpg","width":500,"height":505,"caption":"die spielbare weihnachtskarte"},{"@type":"BreadcrumbList","@id":"https:\/\/www.erfinde-dein-spiel.de\/spiele\/shop\/spieleshop-autor\/shop-spieltz-spiele\/die-spielbare-weihnachtskarte\/#breadcrumb","itemListElement":[{"@type":"ListItem","position":1,"name":"Home","item":"https:\/\/www.erfinde-dein-spiel.de\/spiele\/"},{"@type":"ListItem","position":2,"name":"Shop","item":"https:\/\/www.erfinde-dein-spiel.de\/spiele\/"},{"@type":"ListItem","position":3,"name":"Die spielbare Weihnachtskarte"}]},{"@type":"WebSite","@id":"https:\/\/www.erfinde-dein-spiel.de\/spiele\/#website","url":"https:\/\/www.erfinde-dein-spiel.de\/spiele\/","name":"(er-)finde DEIN Spiel","description":"Spiele aus der Community. Powered by Spieltz.","potentialAction":[{"@type":"SearchAction","target":{"@type":"EntryPoint","urlTemplate":"https:\/\/www.erfinde-dein-spiel.de\/spiele\/?s={search_term_string}"},"query-input":"required name=search_term_string"}],"inLanguage":"de-DE"}]}},"_links":{"self":[{"href":"https:\/\/www.erfinde-dein-spiel.de\/spiele\/wp-json\/wp\/v2\/product\/1542"}],"collection":[{"href":"https:\/\/www.erfinde-dein-spiel.de\/spiele\/wp-json\/wp\/v2\/product"}],"about":[{"href":"https:\/\/www.erfinde-dein-spiel.de\/spiele\/wp-json\/wp\/v2\/types\/product"}],"replies":[{"embeddable":true,"href":"https:\/\/www.erfinde-dein-spiel.de\/spiele\/wp-json\/wp\/v2\/comments?post=1542"}],"wp:featuredmedia":[{"embeddable":true,"href":"https:\/\/www.erfinde-dein-spiel.de\/spiele\/wp-json\/wp\/v2\/media\/1544"}],"wp:attachment":[{"href":"https:\/\/www.erfinde-dein-spiel.de\/spiele\/wp-json\/wp\/v2\/media?parent=1542"}],"wp:term":[{"taxonomy":"product_cat","embeddable":true,"href":"https:\/\/www.erfinde-dein-spiel.de\/spiele\/wp-json\/wp\/v2\/product_cat?post=1542"},{"taxonomy":"product_tag","embeddable":true,"href":"https:\/\/www.erfinde-dein-spiel.de\/spiele\/wp-json\/wp\/v2\/product_tag?post=1542"}],"curies":[{"name":"wp","href":"https:\/\/api.w.org\/{rel}","templated":true}]}}