{"id":1450,"date":"2015-11-15T23:53:08","date_gmt":"2015-11-15T22:53:08","guid":{"rendered":"http:\/\/www.erfinde-dein-spiel.de\/shop\/unkategorisiert\/pandoras-dame\/"},"modified":"2024-07-17T01:35:02","modified_gmt":"2024-07-16T23:35:02","slug":"pandoras-dame-spiel-mit-illustrationen","status":"publish","type":"product","link":"https:\/\/www.erfinde-dein-spiel.de\/spiele\/shop\/spiele-kategorie\/brettspiel-klassiker\/pandoras-dame-spiel-mit-illustrationen\/","title":{"rendered":"Pandoras Dame"},"content":{"rendered":"<h3 class=\"MsoNormal\">Das Spiel: Klassisches Dame Spiel mit Illustrationen<\/h3>\n<p class=\"MsoNormal\">Dame ist ein Spiel f\u00fcr 2 Spieler.<br \/>\nJeder Spieler bekommt 12 Dame-Steine, die zu Beginn in der Grundstellung aufgestellt werden: Die Spieler nehmen einander gegen\u00fcber Platz und jeder best\u00fcckt die von seiner Seite aus ersten 3 Reihen mit seinen Steinen. Gespielt wird nur auf den farbigen Feldern, nicht auf den wei\u00dfen.<\/p>\n<p>Nun ziehen die Spieler ihre Steine in diagonaler Richtung, bei jedem Zug um ein Feld vorw\u00e4rts. R\u00fcckw\u00e4rts darf nicht gezogen werden. Gegnerische Steine m\u00fcssen \u00fcbersprungen werden, sofern das dahinter liegende Feld frei ist. Wenn das Zielfeld eines Sprungs auf ein Feld f\u00fchrt, von dem aus ein weiterer Stein \u00fcbersprungen werden kann, so wird der Sprung fortgesetzt. Alle \u00fcbersprungenen Steine werden vom Brett genommen.<\/p>\n<p>Erreicht ein Spielstein die Grundlinie des Gegners, wird er zur &#8222;Dame&#8220; ernannt. Die &#8222;Dame&#8220; bekommt einen zweiten Spielstein oben aufgesetzt und kann nun auch r\u00fcckw\u00e4rts ziehen und springen.<\/p>\n<p>Ziel des Spieles ist es, dem Gegner alle Zugm\u00f6glichkeiten zu nehmen, also alle gegnerischen Steine zu schlagen oder zu blockieren.<\/p>\n<p>Autor: unbekannt \/ traditionelles Spiel<br \/>\nDesign:\u00a0Phaedra Richter<\/p>\n<h3>Spielmaterial<\/h3>\n<ul>\n<li>1 Spielplan aus LKW-Plane, rollbar, robust und abwaschbar, Gr\u00f6\u00dfe: 30 x 30 cm<\/li>\n<li>2 x 12\u00a0Damesteine aus lackiertem Holz<\/li>\n<li>Anleitung auf Deutsch<\/li>\n<li>Verpackung: Papprolle, wei\u00df gl\u00e4nzend, mit Aufkleber, L\u00e4nge 34 cm, Durchmesser 6 cm<\/li>\n<\/ul>\n<h3>Das Wichtigste in K\u00fcrze<\/h3>\n<ul>\n<li>Art des Spiels:\u00a0Strategiespiel, Brettspiel, traditionelles Spiel<\/li>\n<li>Ausf\u00fchrung: Spielplan auf LKW-Plane \u2013 rollbar und robust, verpackt in eine Papprolle<\/li>\n<li>Zubeh\u00f6r: Spielsteine aus lackiertem Holz<\/li>\n<li>Anzahl Spieler: 2\u00a0Spieler<\/li>\n<li>Empfohlenes Spielalter: ab 6\u00a0Jahren<\/li>\n<li>Spieldauer: etwa 20\u00a0Minuten<\/li>\n<\/ul>\n<h3>Pandoras Dame\u00a0als Werbespiel?<\/h3>\n<p>Wie alle Spiele aus dem Spieltz Verlagsprogramm ist Pandoras Dame auch mit Firmenlogo erh\u00e4ltlich. Gerne passen wir das Spiel komplett an das\u00a0Corporate\u00a0Design des Unternehmens an. Wer sich f\u00fcr unsere Werbespiele interessiert besucht bitte den <a href=\"http:\/\/spieltz.de\/werbespiele\/\">Spieltz Werbespiele Shop<\/a>.<\/p>\n<h3>Zum SHOP &#8222;Spieltz Verlagsprogramm&#8220;<\/h3>\n<blockquote class=\"wp-embedded-content\" data-secret=\"dQZaZvjL5P\"><p><a href=\"https:\/\/www.erfinde-dein-spiel.de\/spiele\/shop\/spiel-thema\/natur-pflanzen-tiere\/bluemchen-blau\/\">bl\u00fcmchen blau<\/a><\/p><\/blockquote>\n<p><iframe class=\"wp-embedded-content\" sandbox=\"allow-scripts\" security=\"restricted\" style=\"position: absolute; clip: rect(1px, 1px, 1px, 1px);\" title=\"&#8222;bl\u00fcmchen blau&#8220; &#8212; (er-)finde DEIN Spiel\" src=\"https:\/\/www.erfinde-dein-spiel.de\/spiele\/shop\/spiel-thema\/natur-pflanzen-tiere\/bluemchen-blau\/embed\/#?secret=pg8ZIR4L55#?secret=dQZaZvjL5P\" data-secret=\"dQZaZvjL5P\" width=\"500\" height=\"282\" frameborder=\"0\" marginwidth=\"0\" marginheight=\"0\" scrolling=\"no\"><\/iframe><\/p>\n<p>&nbsp;<\/p>\n<p><em>Keywords: dame, dame-spiel, dame spiel mit illustrationen<\/em><\/p>\n","protected":false},"excerpt":{"rendered":"<p><a href=\"http:\/\/www.erfinde-dein-spiel.de\/spiele\/shops-autoren\/shop-spieltz-verlagsprogramm\/\" target=\"_blank\" rel=\"noopener\">Shop: SPIELTZ VERLAGSPROGRAMM<\/a><\/p>\n<p>Das allseits bekannte Damespiel stammt wahrscheinlich aus S\u00fcdfrankreich und wird seit dem 10. \/ 11. Jahrhundert gespielt. &#8222;Pandoras Dame&#8220; wurde von der K\u00fcnstlerin und Illustratorin fedralita f\u00fcr Spieltz grafisch gestaltet und umgesetzt.<\/p>\n<p>Rollbarer Spielplan aus LKW-Plane, Gr\u00f6\u00dfe: DIN 30\u00d730 cm, Spielsteine aus Holz.\u00a0Verpackung: Papprolle wei\u00df, L\u00e4nge 34 cm, Durchmesser 6 cm<\/p>\n","protected":false},"featured_media":1451,"comment_status":"open","ping_status":"closed","template":"","meta":{"_themeisle_gutenberg_block_has_review":false},"product_cat":[312,302,328,249,245,267,253,250],"product_tag":[397,398],"yoast_head":"<!-- This site is optimized with the Yoast SEO plugin v22.6 - https:\/\/yoast.com\/wordpress\/plugins\/seo\/ -->\n<title>Pandoras Dame - (er-)finde DEIN Spiel<\/title>\n<meta name=\"description\" content=\"Pandoras Dame - Dame Spiel mit Illustrationen von Phaedra Richter. Der beliebte Brettspiel-Klassiker stammt wahrscheinlich aus Frankreich und wird seit dem\" \/>\n<meta name=\"robots\" content=\"index, follow, max-snippet:-1, max-image-preview:large, max-video-preview:-1\" \/>\n<link rel=\"canonical\" href=\"https:\/\/www.erfinde-dein-spiel.de\/spiele\/shop\/spiele-kategorie\/brettspiel-klassiker\/pandoras-dame-spiel-mit-illustrationen\/\" \/>\n<meta property=\"og:locale\" content=\"de_DE\" \/>\n<meta property=\"og:type\" content=\"article\" \/>\n<meta property=\"og:title\" content=\"Pandoras Dame - (er-)finde DEIN Spiel\" \/>\n<meta property=\"og:description\" content=\"Pandoras Dame - Dame Spiel mit Illustrationen von Phaedra Richter. Der beliebte Brettspiel-Klassiker stammt wahrscheinlich aus Frankreich und wird seit dem\" \/>\n<meta property=\"og:url\" content=\"https:\/\/www.erfinde-dein-spiel.de\/spiele\/shop\/spiele-kategorie\/brettspiel-klassiker\/pandoras-dame-spiel-mit-illustrationen\/\" \/>\n<meta property=\"og:site_name\" content=\"(er-)finde DEIN Spiel\" \/>\n<meta property=\"article:modified_time\" content=\"2024-07-16T23:35:02+00:00\" \/>\n<meta property=\"og:image\" content=\"http:\/\/www.erfinde-dein-spiel.de\/spiele\/wp-content\/uploads\/2015\/11\/PP_449_731.jpg\" \/>\n\t<meta property=\"og:image:width\" content=\"500\" \/>\n\t<meta property=\"og:image:height\" content=\"500\" \/>\n\t<meta property=\"og:image:type\" content=\"image\/jpeg\" \/>\n<meta name=\"twitter:card\" content=\"summary_large_image\" \/>\n<meta name=\"twitter:label1\" content=\"Gesch\u00e4tzte Lesezeit\" \/>\n\t<meta name=\"twitter:data1\" content=\"2 Minuten\" \/>\n<script type=\"application\/ld+json\" class=\"yoast-schema-graph\">{\"@context\":\"https:\/\/schema.org\",\"@graph\":[{\"@type\":\"WebPage\",\"@id\":\"https:\/\/www.erfinde-dein-spiel.de\/spiele\/shop\/spiele-kategorie\/brettspiel-klassiker\/pandoras-dame-spiel-mit-illustrationen\/\",\"url\":\"https:\/\/www.erfinde-dein-spiel.de\/spiele\/shop\/spiele-kategorie\/brettspiel-klassiker\/pandoras-dame-spiel-mit-illustrationen\/\",\"name\":\"Pandoras Dame - (er-)finde DEIN Spiel\",\"isPartOf\":{\"@id\":\"https:\/\/www.erfinde-dein-spiel.de\/spiele\/#website\"},\"primaryImageOfPage\":{\"@id\":\"https:\/\/www.erfinde-dein-spiel.de\/spiele\/shop\/spiele-kategorie\/brettspiel-klassiker\/pandoras-dame-spiel-mit-illustrationen\/#primaryimage\"},\"image\":{\"@id\":\"https:\/\/www.erfinde-dein-spiel.de\/spiele\/shop\/spiele-kategorie\/brettspiel-klassiker\/pandoras-dame-spiel-mit-illustrationen\/#primaryimage\"},\"thumbnailUrl\":\"https:\/\/www.erfinde-dein-spiel.de\/spiele\/wp-content\/uploads\/2015\/11\/PP_449_731.jpg\",\"datePublished\":\"2015-11-15T22:53:08+00:00\",\"dateModified\":\"2024-07-16T23:35:02+00:00\",\"description\":\"Pandoras Dame - Dame Spiel mit Illustrationen von Phaedra Richter. Der beliebte Brettspiel-Klassiker stammt wahrscheinlich aus Frankreich und wird seit dem\",\"breadcrumb\":{\"@id\":\"https:\/\/www.erfinde-dein-spiel.de\/spiele\/shop\/spiele-kategorie\/brettspiel-klassiker\/pandoras-dame-spiel-mit-illustrationen\/#breadcrumb\"},\"inLanguage\":\"de-DE\",\"potentialAction\":[{\"@type\":\"ReadAction\",\"target\":[\"https:\/\/www.erfinde-dein-spiel.de\/spiele\/shop\/spiele-kategorie\/brettspiel-klassiker\/pandoras-dame-spiel-mit-illustrationen\/\"]}]},{\"@type\":\"ImageObject\",\"inLanguage\":\"de-DE\",\"@id\":\"https:\/\/www.erfinde-dein-spiel.de\/spiele\/shop\/spiele-kategorie\/brettspiel-klassiker\/pandoras-dame-spiel-mit-illustrationen\/#primaryimage\",\"url\":\"https:\/\/www.erfinde-dein-spiel.de\/spiele\/wp-content\/uploads\/2015\/11\/PP_449_731.jpg\",\"contentUrl\":\"https:\/\/www.erfinde-dein-spiel.de\/spiele\/wp-content\/uploads\/2015\/11\/PP_449_731.jpg\",\"width\":500,\"height\":500,\"caption\":\"dame spiel mit illustrationen, spieltz\"},{\"@type\":\"BreadcrumbList\",\"@id\":\"https:\/\/www.erfinde-dein-spiel.de\/spiele\/shop\/spiele-kategorie\/brettspiel-klassiker\/pandoras-dame-spiel-mit-illustrationen\/#breadcrumb\",\"itemListElement\":[{\"@type\":\"ListItem\",\"position\":1,\"name\":\"Home\",\"item\":\"https:\/\/www.erfinde-dein-spiel.de\/spiele\/\"},{\"@type\":\"ListItem\",\"position\":2,\"name\":\"Shop\",\"item\":\"https:\/\/www.erfinde-dein-spiel.de\/spiele\/\"},{\"@type\":\"ListItem\",\"position\":3,\"name\":\"Pandoras Dame\"}]},{\"@type\":\"WebSite\",\"@id\":\"https:\/\/www.erfinde-dein-spiel.de\/spiele\/#website\",\"url\":\"https:\/\/www.erfinde-dein-spiel.de\/spiele\/\",\"name\":\"(er-)finde DEIN Spiel\",\"description\":\"Spiele aus der Community. Powered by Spieltz.\",\"potentialAction\":[{\"@type\":\"SearchAction\",\"target\":{\"@type\":\"EntryPoint\",\"urlTemplate\":\"https:\/\/www.erfinde-dein-spiel.de\/spiele\/?s={search_term_string}\"},\"query-input\":\"required name=search_term_string\"}],\"inLanguage\":\"de-DE\"}]}<\/script>\n<!-- \/ Yoast SEO plugin. -->","yoast_head_json":{"title":"Pandoras Dame - (er-)finde DEIN Spiel","description":"Pandoras Dame - Dame Spiel mit Illustrationen von Phaedra Richter. Der beliebte Brettspiel-Klassiker stammt wahrscheinlich aus Frankreich und wird seit dem","robots":{"index":"index","follow":"follow","max-snippet":"max-snippet:-1","max-image-preview":"max-image-preview:large","max-video-preview":"max-video-preview:-1"},"canonical":"https:\/\/www.erfinde-dein-spiel.de\/spiele\/shop\/spiele-kategorie\/brettspiel-klassiker\/pandoras-dame-spiel-mit-illustrationen\/","og_locale":"de_DE","og_type":"article","og_title":"Pandoras Dame - (er-)finde DEIN Spiel","og_description":"Pandoras Dame - Dame Spiel mit Illustrationen von Phaedra Richter. Der beliebte Brettspiel-Klassiker stammt wahrscheinlich aus Frankreich und wird seit dem","og_url":"https:\/\/www.erfinde-dein-spiel.de\/spiele\/shop\/spiele-kategorie\/brettspiel-klassiker\/pandoras-dame-spiel-mit-illustrationen\/","og_site_name":"(er-)finde DEIN Spiel","article_modified_time":"2024-07-16T23:35:02+00:00","og_image":[{"width":500,"height":500,"url":"http:\/\/www.erfinde-dein-spiel.de\/spiele\/wp-content\/uploads\/2015\/11\/PP_449_731.jpg","type":"image\/jpeg"}],"twitter_card":"summary_large_image","twitter_misc":{"Gesch\u00e4tzte Lesezeit":"2 Minuten"},"schema":{"@context":"https:\/\/schema.org","@graph":[{"@type":"WebPage","@id":"https:\/\/www.erfinde-dein-spiel.de\/spiele\/shop\/spiele-kategorie\/brettspiel-klassiker\/pandoras-dame-spiel-mit-illustrationen\/","url":"https:\/\/www.erfinde-dein-spiel.de\/spiele\/shop\/spiele-kategorie\/brettspiel-klassiker\/pandoras-dame-spiel-mit-illustrationen\/","name":"Pandoras Dame - (er-)finde DEIN Spiel","isPartOf":{"@id":"https:\/\/www.erfinde-dein-spiel.de\/spiele\/#website"},"primaryImageOfPage":{"@id":"https:\/\/www.erfinde-dein-spiel.de\/spiele\/shop\/spiele-kategorie\/brettspiel-klassiker\/pandoras-dame-spiel-mit-illustrationen\/#primaryimage"},"image":{"@id":"https:\/\/www.erfinde-dein-spiel.de\/spiele\/shop\/spiele-kategorie\/brettspiel-klassiker\/pandoras-dame-spiel-mit-illustrationen\/#primaryimage"},"thumbnailUrl":"https:\/\/www.erfinde-dein-spiel.de\/spiele\/wp-content\/uploads\/2015\/11\/PP_449_731.jpg","datePublished":"2015-11-15T22:53:08+00:00","dateModified":"2024-07-16T23:35:02+00:00","description":"Pandoras Dame - Dame Spiel mit Illustrationen von Phaedra Richter. Der beliebte Brettspiel-Klassiker stammt wahrscheinlich aus Frankreich und wird seit dem","breadcrumb":{"@id":"https:\/\/www.erfinde-dein-spiel.de\/spiele\/shop\/spiele-kategorie\/brettspiel-klassiker\/pandoras-dame-spiel-mit-illustrationen\/#breadcrumb"},"inLanguage":"de-DE","potentialAction":[{"@type":"ReadAction","target":["https:\/\/www.erfinde-dein-spiel.de\/spiele\/shop\/spiele-kategorie\/brettspiel-klassiker\/pandoras-dame-spiel-mit-illustrationen\/"]}]},{"@type":"ImageObject","inLanguage":"de-DE","@id":"https:\/\/www.erfinde-dein-spiel.de\/spiele\/shop\/spiele-kategorie\/brettspiel-klassiker\/pandoras-dame-spiel-mit-illustrationen\/#primaryimage","url":"https:\/\/www.erfinde-dein-spiel.de\/spiele\/wp-content\/uploads\/2015\/11\/PP_449_731.jpg","contentUrl":"https:\/\/www.erfinde-dein-spiel.de\/spiele\/wp-content\/uploads\/2015\/11\/PP_449_731.jpg","width":500,"height":500,"caption":"dame spiel mit illustrationen, spieltz"},{"@type":"BreadcrumbList","@id":"https:\/\/www.erfinde-dein-spiel.de\/spiele\/shop\/spiele-kategorie\/brettspiel-klassiker\/pandoras-dame-spiel-mit-illustrationen\/#breadcrumb","itemListElement":[{"@type":"ListItem","position":1,"name":"Home","item":"https:\/\/www.erfinde-dein-spiel.de\/spiele\/"},{"@type":"ListItem","position":2,"name":"Shop","item":"https:\/\/www.erfinde-dein-spiel.de\/spiele\/"},{"@type":"ListItem","position":3,"name":"Pandoras Dame"}]},{"@type":"WebSite","@id":"https:\/\/www.erfinde-dein-spiel.de\/spiele\/#website","url":"https:\/\/www.erfinde-dein-spiel.de\/spiele\/","name":"(er-)finde DEIN Spiel","description":"Spiele aus der Community. Powered by Spieltz.","potentialAction":[{"@type":"SearchAction","target":{"@type":"EntryPoint","urlTemplate":"https:\/\/www.erfinde-dein-spiel.de\/spiele\/?s={search_term_string}"},"query-input":"required name=search_term_string"}],"inLanguage":"de-DE"}]}},"_links":{"self":[{"href":"https:\/\/www.erfinde-dein-spiel.de\/spiele\/wp-json\/wp\/v2\/product\/1450"}],"collection":[{"href":"https:\/\/www.erfinde-dein-spiel.de\/spiele\/wp-json\/wp\/v2\/product"}],"about":[{"href":"https:\/\/www.erfinde-dein-spiel.de\/spiele\/wp-json\/wp\/v2\/types\/product"}],"replies":[{"embeddable":true,"href":"https:\/\/www.erfinde-dein-spiel.de\/spiele\/wp-json\/wp\/v2\/comments?post=1450"}],"wp:featuredmedia":[{"embeddable":true,"href":"https:\/\/www.erfinde-dein-spiel.de\/spiele\/wp-json\/wp\/v2\/media\/1451"}],"wp:attachment":[{"href":"https:\/\/www.erfinde-dein-spiel.de\/spiele\/wp-json\/wp\/v2\/media?parent=1450"}],"wp:term":[{"taxonomy":"product_cat","embeddable":true,"href":"https:\/\/www.erfinde-dein-spiel.de\/spiele\/wp-json\/wp\/v2\/product_cat?post=1450"},{"taxonomy":"product_tag","embeddable":true,"href":"https:\/\/www.erfinde-dein-spiel.de\/spiele\/wp-json\/wp\/v2\/product_tag?post=1450"}],"curies":[{"name":"wp","href":"https:\/\/api.w.org\/{rel}","templated":true}]}}