{"id":1391,"date":"2015-11-15T23:52:25","date_gmt":"2015-11-15T22:52:25","guid":{"rendered":"http:\/\/www.erfinde-dein-spiel.de\/shop\/unkategorisiert\/social-networx\/"},"modified":"2024-07-17T01:37:09","modified_gmt":"2024-07-16T23:37:09","slug":"social-networx","status":"publish","type":"product","link":"https:\/\/www.erfinde-dein-spiel.de\/spiele\/shop\/spiele-kategorie\/familienspiele\/social-networx\/","title":{"rendered":"Social Networx"},"content":{"rendered":"<p><span style=\"color: #444444; font-family: Verdana, Arial, Helvetica, sans-serif; line-height: 19px; background-color: #ffffff;\">Bist du fit (genug) f\u00fcr das Internet? Das fragen Marlon Baker (Erfinder des Brettspiels) &#038; Damian Drake (Autor des gleichnamigen Handbuchs f\u00fcr Netzwerker, das bei iBoox Publishing Europe erschienen ist) alle interessierten Spieler und Leser gleicherma\u00dfen. Finde es heraus, indem du dich mit deinen Mitspielern in diesem Brettspiel rund um das Thema Social Networking schl\u00e4gst!<\/span><strong>SOCIAL NETWORX<\/strong><span style=\"color: #444444; font-family: Verdana, Arial, Helvetica, sans-serif; line-height: 19px; background-color: #ffffff;\">ist an Ludo (Mensch \u00e4rgere dich nicht) angelehnt, und h\u00e4lt weitere Gemeinheiten bereit, als nur das blo\u00dfe herauswerfen von Spielfiguren.<\/span><br style=\"color: #444444; font-family: Verdana, Arial, Helvetica, sans-serif; line-height: 19px; background-color: #ffffff;\" \/><br style=\"color: #444444; font-family: Verdana, Arial, Helvetica, sans-serif; line-height: 19px; background-color: #ffffff;\" \/><strong>Spielstart:<\/strong><span style=\"color: #444444; font-family: Verdana, Arial, Helvetica, sans-serif; line-height: 19px; background-color: #ffffff;\">Jeder Mitspieler erh\u00e4lt die 4 Figuren seiner Farbe. Lost aus, wer von euch als erster eine Figur ins Spiel bringen darf, denn bei<\/span><strong>SOCIAL NETWORX<\/strong><span style=\"color: #444444; font-family: Verdana, Arial, Helvetica, sans-serif; line-height: 19px; background-color: #ffffff;\">braucht es keine 6 um eine Figur ins Spiel bringen zu k\u00f6nnen. Jeder Spieler startet mit seinen Figuren am gleichfarbigen Startfeld (Eckfeld) des 1. Levels und muss nun versuchen, m\u00f6glichst rasch auf das n\u00e4chste Level zu kommen  denn Ziel des Spiels ist es, als erster in der Mitte anzukommen. Und die M\u00f6glichkeiten der Sozialen Netzwerke helfen dir dabei!<\/span><br style=\"color: #444444; font-family: Verdana, Arial, Helvetica, sans-serif; line-height: 19px; background-color: #ffffff;\" \/><br style=\"color: #444444; font-family: Verdana, Arial, Helvetica, sans-serif; line-height: 19px; background-color: #ffffff;\" \/><strong>Doch VORSICHT:<\/strong><span style=\"color: #444444; font-family: Verdana, Arial, Helvetica, sans-serif; line-height: 19px; background-color: #ffffff;\">Deine Mitspieler werden sicher nichts unversucht lassen, dich daran zu hindern, die Mitte  und somit das Ziel  zu erreichen! Und hier nun die Regeln, nach denen die Figuren \/ User ins Spiel gebracht werden d\u00fcrfen:<\/span><br style=\"color: #444444; font-family: Verdana, Arial, Helvetica, sans-serif; line-height: 19px; background-color: #ffffff;\" \/><br style=\"color: #444444; font-family: Verdana, Arial, Helvetica, sans-serif; line-height: 19px; background-color: #ffffff;\" \/><strong>Wann immer du w\u00fcrfelst, stehen dir 3 Optionen zur Wahl:<br \/><\/strong><span style=\"color: #444444; font-family: Verdana, Arial, Helvetica, sans-serif; line-height: 19px; background-color: #ffffff;\">Du bringst eine weitere Figur \/ User ins Spiel, dazu braucht es keine 6  oder<\/span><br style=\"color: #444444; font-family: Verdana, Arial, Helvetica, sans-serif; line-height: 19px; background-color: #ffffff;\" \/><span style=\"color: #444444; font-family: Verdana, Arial, Helvetica, sans-serif; line-height: 19px; background-color: #ffffff;\">du ziehst mit einer Figur \/ User weiter, um den n\u00e4chsten Level zu erreichen  oder<\/span><br style=\"color: #444444; font-family: Verdana, Arial, Helvetica, sans-serif; line-height: 19px; background-color: #ffffff;\" \/><span style=\"color: #444444; font-family: Verdana, Arial, Helvetica, sans-serif; line-height: 19px; background-color: #ffffff;\">du musst einen Mitspieler rauswerfen, wenn dein Wurf dies erm\u00f6glicht!<\/span><br style=\"color: #444444; font-family: Verdana, Arial, Helvetica, sans-serif; line-height: 19px; background-color: #ffffff;\" \/><br style=\"color: #444444; font-family: Verdana, Arial, Helvetica, sans-serif; line-height: 19px; background-color: #ffffff;\" \/><strong>Dein Wurf hat dabei immer folgende Priorit\u00e4t:<br \/><\/strong><span style=\"color: #444444; font-family: Verdana, Arial, Helvetica, sans-serif; line-height: 19px; background-color: #ffffff;\">Weitere Figur \/ User ins Spiel bringen  wenn dies unm\u00f6glich ist, dann erst<\/span><br style=\"color: #444444; font-family: Verdana, Arial, Helvetica, sans-serif; line-height: 19px; background-color: #ffffff;\" \/><span style=\"color: #444444; font-family: Verdana, Arial, Helvetica, sans-serif; line-height: 19px; background-color: #ffffff;\">die Figur \/ User eines Mitspielers aus dem Spiel werfen <\/span><strong>Rauswurfpflicht beachten!<br \/><\/strong><span style=\"color: #444444; font-family: Verdana, Arial, Helvetica, sans-serif; line-height: 19px; background-color: #ffffff;\">oder mit einer deiner im Spiel befindlichen Figuren \/ User weiterziehen!<\/span><br style=\"color: #444444; font-family: Verdana, Arial, Helvetica, sans-serif; line-height: 19px; background-color: #ffffff;\" \/><br style=\"color: #444444; font-family: Verdana, Arial, Helvetica, sans-serif; line-height: 19px; background-color: #ffffff;\" \/><span style=\"color: #444444; font-family: Verdana, Arial, Helvetica, sans-serif; line-height: 19px; background-color: #ffffff;\">Eine ausf\u00fchrliche Anleitungen \u00fcber 4 Seiten liegt dem Brettspiel bei, das exklusiv bei<\/span><a style=\"text-decoration: none; font-weight: bold; color: #b87131; font-family: Verdana, Arial, Helvetica, sans-serif; line-height: 19px; background-color: #ffffff;\" target=\"_blank\" href=\"index.php?option=com_virtuemart&#038;page=shop.browse&#038;manufacturer_id=75&#038;ItemId=53\" title=\"title\" rel=\"noopener\">SPIELTZ.de<\/a><span style=\"color: #444444; font-family: Verdana, Arial, Helvetica, sans-serif; line-height: 19px; background-color: #ffffff;\">erh\u00e4ltlich ist. Zum Spiel geh\u00f6ren 16 Spielfiguren (4 x 4), 12 Blocker, 1 W\u00fcrfel und das Spielbrett auf Plane, das sich zusammenrollen l\u00e4sst!<\/span><\/p>\n<div><span style=\"font-family: Verdana, Arial, Helvetica, sans-serif; color: #444444;\"><span style=\"line-height: 19px;\"><br \/><\/span><\/span><\/div>\n<div><strong>F\u00fcr 2  4 Spieler, ab 8 Jahren<br \/>Spieldauer: ca. 30 Minuten<\/strong><span style=\"color: #444444; font-family: Verdana, Arial, Helvetica, sans-serif; line-height: 19px; background-color: #ffffff;\">(1 Figur im Ziel)<\/span><br style=\"color: #444444; font-family: Verdana, Arial, Helvetica, sans-serif; line-height: 19px; background-color: #ffffff;\" \/><br style=\"color: #444444; font-family: Verdana, Arial, Helvetica, sans-serif; line-height: 19px; background-color: #ffffff;\" \/><span style=\"color: #444444; font-family: Verdana, Arial, Helvetica, sans-serif; line-height: 19px; background-color: #ffffff;\">Mehr zum Spiel auf: networx.KofferSpiele.de<\/span><br style=\"color: #444444; font-family: Verdana, Arial, Helvetica, sans-serif; line-height: 19px; background-color: #ffffff;\" \/><br style=\"color: #444444; font-family: Verdana, Arial, Helvetica, sans-serif; line-height: 19px; background-color: #ffffff;\" \/><strong>SOCIAL NETWORX<\/strong><span style=\"color: #444444; font-family: Verdana, Arial, Helvetica, sans-serif; line-height: 19px; background-color: #ffffff;\">ist noch in 2 weiteren Brettspiel-Varianten erh\u00e4ltlich!<\/span><span style=\"color: #444444; font-family: Verdana, Arial, Helvetica, sans-serif; line-height: 19px; background-color: #ffffff;\">In der DELUXE-Edition mit 180 Spielkarten rund um das Thema Social Networking &#038; Media!<\/span><span style=\"color: #444444; font-family: Verdana, Arial, Helvetica, sans-serif; line-height: 19px; background-color: #ffffff;\">Das<\/span><strong>Buch zum Spiel<\/strong><span style=\"color: #444444; font-family: Verdana, Arial, Helvetica, sans-serif; line-height: 19px; background-color: #ffffff;\">von<\/span><strong>Damian Drake<\/strong><span style=\"color: #444444; font-family: Verdana, Arial, Helvetica, sans-serif; line-height: 19px; background-color: #ffffff;\">ist erschienen bei<\/span><strong>www.iBoox.eu<\/strong><span style=\"color: #444444; font-family: Verdana, Arial, Helvetica, sans-serif; line-height: 19px; background-color: #ffffff;\">als Taschenbuch &#038; eBook.<\/span><\/div>\n<div><\/div>\n<div><span style=\"color: #444444; font-family: Verdana, Arial, Helvetica, sans-serif; font-size: 10px; background-color: #ffffff;\">Alle Markennamen und Icons sind Eigentum der jeweiligen Copyright-Inhaber! KofferSpiele.de darf diese unter Ber\u00fccksichtigung der Copyrightgesetze in diesem Brettspiel verwenden. Ein Nachdruck des Spielbretts oder der Icons ist nicht gestattet. Alle Icons in diesem Spiel: http:\/\/www.aha-soft.com<\/span><br style=\"color: #444444; font-family: Verdana, Arial, Helvetica, sans-serif; font-size: 10px; background-color: #ffffff;\" \/><span style=\"color: #444444; font-family: Verdana, Arial, Helvetica, sans-serif; font-size: 10px; background-color: #ffffff;\"> 2012 f\u00fcr das Spielkonzept, -Idee und Spielbrett-Gestaltung Marlon Baker<\/span><br style=\"color: #444444; font-family: Verdana, Arial, Helvetica, sans-serif; font-size: 10px; background-color: #ffffff;\" \/><span style=\"color: #444444; font-family: Verdana, Arial, Helvetica, sans-serif; font-size: 10px; background-color: #ffffff;\"> 2012 www.KofferSpiele.de \/ www.Marlon Baker.com \/ iBoox Publishing Europe &#8211; www.iBoox.eu<\/span><br style=\"color: #444444; font-family: Verdana, Arial, Helvetica, sans-serif; font-size: 10px; background-color: #ffffff;\" \/><span style=\"color: #444444; font-family: Verdana, Arial, Helvetica, sans-serif; font-size: 10px; background-color: #ffffff;\">Copyright f\u00fcr die verwendeten Icons  2000-2012 Aha-Soft. All rights reserved.<\/span><\/p>\n<div><span style=\"color: #444444; font-family: Verdana, Arial, Helvetica, sans-serif; line-height: 19px; background-color: #ffffff;\"><br \/><\/span><\/div>\n<\/div>\n","protected":false},"excerpt":{"rendered":"<p>Bist du fit (genug) f\u00fcr das Internet? Das fragen Marlon Baker (Erfinder des Brettspiels) &#038; Damian Drake (Autor des gleichnamigen Handbuchs f\u00fcr Netzwerker, das bei iBoox Publishing Europe erschienen ist) alle interessierten Spieler und Leser gleicherma\u00dfen.<\/p>\n","protected":false},"featured_media":0,"comment_status":"open","ping_status":"closed","template":"","meta":{"_themeisle_gutenberg_block_has_review":false},"product_cat":[248,261,281,260,274,258,268],"product_tag":[],"yoast_head":"<!-- This site is optimized with the Yoast SEO plugin v22.6 - https:\/\/yoast.com\/wordpress\/plugins\/seo\/ -->\n<title>Social Networx - (er-)finde DEIN Spiel<\/title>\n<meta name=\"robots\" content=\"index, follow, max-snippet:-1, max-image-preview:large, max-video-preview:-1\" \/>\n<link rel=\"canonical\" href=\"https:\/\/www.erfinde-dein-spiel.de\/spiele\/shop\/spiele-kategorie\/familienspiele\/social-networx\/\" \/>\n<meta property=\"og:locale\" content=\"de_DE\" \/>\n<meta property=\"og:type\" content=\"article\" \/>\n<meta property=\"og:title\" content=\"Social Networx - (er-)finde DEIN Spiel\" \/>\n<meta property=\"og:description\" content=\"Bist du fit (genug) f\u00fcr das Internet? Das fragen Marlon Baker (Erfinder des Brettspiels) &amp; Damian Drake (Autor des gleichnamigen Handbuchs f\u00fcr Netzwerker, das bei iBoox Publishing Europe erschienen ist) alle interessierten Spieler und Leser gleicherma\u00dfen.\" \/>\n<meta property=\"og:url\" content=\"https:\/\/www.erfinde-dein-spiel.de\/spiele\/shop\/spiele-kategorie\/familienspiele\/social-networx\/\" \/>\n<meta property=\"og:site_name\" content=\"(er-)finde DEIN Spiel\" \/>\n<meta property=\"article:modified_time\" content=\"2024-07-16T23:37:09+00:00\" \/>\n<meta name=\"twitter:card\" content=\"summary_large_image\" \/>\n<meta name=\"twitter:label1\" content=\"Gesch\u00e4tzte Lesezeit\" \/>\n\t<meta name=\"twitter:data1\" content=\"2 Minuten\" \/>\n<script type=\"application\/ld+json\" class=\"yoast-schema-graph\">{\"@context\":\"https:\/\/schema.org\",\"@graph\":[{\"@type\":\"WebPage\",\"@id\":\"https:\/\/www.erfinde-dein-spiel.de\/spiele\/shop\/spiele-kategorie\/familienspiele\/social-networx\/\",\"url\":\"https:\/\/www.erfinde-dein-spiel.de\/spiele\/shop\/spiele-kategorie\/familienspiele\/social-networx\/\",\"name\":\"Social Networx - (er-)finde DEIN Spiel\",\"isPartOf\":{\"@id\":\"https:\/\/www.erfinde-dein-spiel.de\/spiele\/#website\"},\"datePublished\":\"2015-11-15T22:52:25+00:00\",\"dateModified\":\"2024-07-16T23:37:09+00:00\",\"breadcrumb\":{\"@id\":\"https:\/\/www.erfinde-dein-spiel.de\/spiele\/shop\/spiele-kategorie\/familienspiele\/social-networx\/#breadcrumb\"},\"inLanguage\":\"de-DE\",\"potentialAction\":[{\"@type\":\"ReadAction\",\"target\":[\"https:\/\/www.erfinde-dein-spiel.de\/spiele\/shop\/spiele-kategorie\/familienspiele\/social-networx\/\"]}]},{\"@type\":\"BreadcrumbList\",\"@id\":\"https:\/\/www.erfinde-dein-spiel.de\/spiele\/shop\/spiele-kategorie\/familienspiele\/social-networx\/#breadcrumb\",\"itemListElement\":[{\"@type\":\"ListItem\",\"position\":1,\"name\":\"Home\",\"item\":\"https:\/\/www.erfinde-dein-spiel.de\/spiele\/\"},{\"@type\":\"ListItem\",\"position\":2,\"name\":\"Shop\",\"item\":\"https:\/\/www.erfinde-dein-spiel.de\/spiele\/\"},{\"@type\":\"ListItem\",\"position\":3,\"name\":\"Social Networx\"}]},{\"@type\":\"WebSite\",\"@id\":\"https:\/\/www.erfinde-dein-spiel.de\/spiele\/#website\",\"url\":\"https:\/\/www.erfinde-dein-spiel.de\/spiele\/\",\"name\":\"(er-)finde DEIN Spiel\",\"description\":\"Spiele aus der Community. Powered by Spieltz.\",\"potentialAction\":[{\"@type\":\"SearchAction\",\"target\":{\"@type\":\"EntryPoint\",\"urlTemplate\":\"https:\/\/www.erfinde-dein-spiel.de\/spiele\/?s={search_term_string}\"},\"query-input\":\"required name=search_term_string\"}],\"inLanguage\":\"de-DE\"}]}<\/script>\n<!-- \/ Yoast SEO plugin. -->","yoast_head_json":{"title":"Social Networx - (er-)finde DEIN Spiel","robots":{"index":"index","follow":"follow","max-snippet":"max-snippet:-1","max-image-preview":"max-image-preview:large","max-video-preview":"max-video-preview:-1"},"canonical":"https:\/\/www.erfinde-dein-spiel.de\/spiele\/shop\/spiele-kategorie\/familienspiele\/social-networx\/","og_locale":"de_DE","og_type":"article","og_title":"Social Networx - (er-)finde DEIN Spiel","og_description":"Bist du fit (genug) f\u00fcr das Internet? Das fragen Marlon Baker (Erfinder des Brettspiels) & Damian Drake (Autor des gleichnamigen Handbuchs f\u00fcr Netzwerker, das bei iBoox Publishing Europe erschienen ist) alle interessierten Spieler und Leser gleicherma\u00dfen.","og_url":"https:\/\/www.erfinde-dein-spiel.de\/spiele\/shop\/spiele-kategorie\/familienspiele\/social-networx\/","og_site_name":"(er-)finde DEIN Spiel","article_modified_time":"2024-07-16T23:37:09+00:00","twitter_card":"summary_large_image","twitter_misc":{"Gesch\u00e4tzte Lesezeit":"2 Minuten"},"schema":{"@context":"https:\/\/schema.org","@graph":[{"@type":"WebPage","@id":"https:\/\/www.erfinde-dein-spiel.de\/spiele\/shop\/spiele-kategorie\/familienspiele\/social-networx\/","url":"https:\/\/www.erfinde-dein-spiel.de\/spiele\/shop\/spiele-kategorie\/familienspiele\/social-networx\/","name":"Social Networx - (er-)finde DEIN Spiel","isPartOf":{"@id":"https:\/\/www.erfinde-dein-spiel.de\/spiele\/#website"},"datePublished":"2015-11-15T22:52:25+00:00","dateModified":"2024-07-16T23:37:09+00:00","breadcrumb":{"@id":"https:\/\/www.erfinde-dein-spiel.de\/spiele\/shop\/spiele-kategorie\/familienspiele\/social-networx\/#breadcrumb"},"inLanguage":"de-DE","potentialAction":[{"@type":"ReadAction","target":["https:\/\/www.erfinde-dein-spiel.de\/spiele\/shop\/spiele-kategorie\/familienspiele\/social-networx\/"]}]},{"@type":"BreadcrumbList","@id":"https:\/\/www.erfinde-dein-spiel.de\/spiele\/shop\/spiele-kategorie\/familienspiele\/social-networx\/#breadcrumb","itemListElement":[{"@type":"ListItem","position":1,"name":"Home","item":"https:\/\/www.erfinde-dein-spiel.de\/spiele\/"},{"@type":"ListItem","position":2,"name":"Shop","item":"https:\/\/www.erfinde-dein-spiel.de\/spiele\/"},{"@type":"ListItem","position":3,"name":"Social Networx"}]},{"@type":"WebSite","@id":"https:\/\/www.erfinde-dein-spiel.de\/spiele\/#website","url":"https:\/\/www.erfinde-dein-spiel.de\/spiele\/","name":"(er-)finde DEIN Spiel","description":"Spiele aus der Community. Powered by Spieltz.","potentialAction":[{"@type":"SearchAction","target":{"@type":"EntryPoint","urlTemplate":"https:\/\/www.erfinde-dein-spiel.de\/spiele\/?s={search_term_string}"},"query-input":"required name=search_term_string"}],"inLanguage":"de-DE"}]}},"_links":{"self":[{"href":"https:\/\/www.erfinde-dein-spiel.de\/spiele\/wp-json\/wp\/v2\/product\/1391"}],"collection":[{"href":"https:\/\/www.erfinde-dein-spiel.de\/spiele\/wp-json\/wp\/v2\/product"}],"about":[{"href":"https:\/\/www.erfinde-dein-spiel.de\/spiele\/wp-json\/wp\/v2\/types\/product"}],"replies":[{"embeddable":true,"href":"https:\/\/www.erfinde-dein-spiel.de\/spiele\/wp-json\/wp\/v2\/comments?post=1391"}],"wp:attachment":[{"href":"https:\/\/www.erfinde-dein-spiel.de\/spiele\/wp-json\/wp\/v2\/media?parent=1391"}],"wp:term":[{"taxonomy":"product_cat","embeddable":true,"href":"https:\/\/www.erfinde-dein-spiel.de\/spiele\/wp-json\/wp\/v2\/product_cat?post=1391"},{"taxonomy":"product_tag","embeddable":true,"href":"https:\/\/www.erfinde-dein-spiel.de\/spiele\/wp-json\/wp\/v2\/product_tag?post=1391"}],"curies":[{"name":"wp","href":"https:\/\/api.w.org\/{rel}","templated":true}]}}