{"id":1387,"date":"2015-11-15T23:52:23","date_gmt":"2015-11-15T22:52:23","guid":{"rendered":"http:\/\/www.erfinde-dein-spiel.de\/shop\/unkategorisiert\/loona-einzelbrett\/"},"modified":"2016-01-21T23:17:06","modified_gmt":"2016-01-21T22:17:06","slug":"loona-einzelbrett","status":"publish","type":"product","link":"https:\/\/www.erfinde-dein-spiel.de\/spiele\/shop\/spiele-kategorie\/kinderspiele\/loona-einzelbrett\/","title":{"rendered":"LOONA &#8211; Einzelbrett"},"content":{"rendered":"<h3 class=\"MsoNormal\">Das Spiel<\/h3>\n<p class=\"MsoNormal\">Eine tolle Kombination aus gleich mehreren Spielen trifft hier zusammen: Ged\u00e4chtnis-Spiel, Tic-Tac-Toe, Sudoku &#8230; und Ablege- undAufnahmespiel, das mit bis zu 4 Spielern gleichzeitig gespielt werden kann. Und\u00a0<b>LOONA &#8211; Das verflixte Brettspiel\u00a0<\/b>h\u00e4lt dabei 7 Spielvarianten f\u00fcr 2 &#8211; 4 Spieler bereit, so dass es einem nie langweilig wird, mit den Motiven aus TRICK or TREAT immer neue Spielm\u00f6glichkeiten zu entdecken &#8230; oder gar eigene zu erfinden.<\/p>\n<p class=\"MsoNormal\"><b>Spielregeln:<\/b> Ziel des Spiels ist es, m\u00f6glichst viele Motive mit seiner Farbe \/ Figuren zu besetzen, um so viele Punkte wie nur m\u00f6glich einzuholen. Dabei ist es gar nicht so einfach, die zahlreichen Kombinationsm\u00f6glichkeiten im Auge zu behalten &#8211; insbesondere, wenn auf beiden Feldern gleichzeitig gespielt wird -, und nur wer seine Mitspieler im Auge beh\u00e4lt, kann richtig gut punkten; denn verschiedene TIC-TAC-TOE-Konstellationen bringen extra Punkte ein!<\/p>\n<p class=\"MsoNormal\"><span style=\"font-size: 16.0pt; line-height: 115%;\">SpielvarianteI: <b>Das Duell f\u00fcr 2 Spieler<\/b> (aufeinem Brett)<\/span><\/p>\n<p class=\"MsoNormal\"><b style=\"text-align: center;\">TIC-TAC-TOE-Konstellationen bringen BONUS-Punkte ein!<\/b><\/p>\n<p class=\"MsoNormal\">Lost aus, wer das Spiel beginnt. Jeder Spieler bekommt 18 Spielfiguren seiner Farbe, die er m\u00f6glichst rasch auf das Spielfeld bringen muss. Dazu w\u00fcrfelt der Spieler mit beiden W\u00fcrfeln. Welche Motive mit den Spielfiguren besetzt werden d\u00fcrfen, zeigt das Tableau am Spielfeldrand. Jedem W\u00fcrfelauge ist ein Motiv zugeordnet!<\/p>\n<p class=\"MsoNormal\">W\u00fcrfelst du z.B. eine 1 und eine 4, darfst du die MotiveLOONA und FRUIT mit je einer Spielfigur besetzen, aber nur wenn diese Motive diagonal, vertikal oder horizontal zusammenh\u00e4ngen. Du darfst keine voneinander getrennten Motiv-Felder besetzen. Solltest du nur 1 Motiv besetzen k\u00f6nnen (was vorkommt), dann achte darauf, dass es m\u00f6glichst ein gro\u00dfes Motiv ist, denn es gibt unterschiedliche Punkte f\u00fcr das gleiche Motiv! <b>Bei einem Pasch darf nur ein Feld besetzt werden!<\/b><\/p>\n<p class=\"MsoNormal\">Au\u00dferdem solltest du die oben gezeigten TIC-TAC-TOE-Konstellationen (3er Reihe, 5er Reihe oder Alle 9) f\u00fcr deine Spielfiguren anvisieren, da es daf\u00fcr Bonus-Punkte gibt:<\/p>\n<p class=\"MsoNormal\"><b>3er Reihe<\/b> 10 Bonus-Punkte<\/p>\n<p class=\"MsoNormal\"><b>5er Reihe<\/b> 20 Bonus-Punkte<\/p>\n<p class=\"MsoNormal\"><b>Alle 9<\/b> 30 Bonus-Punkte<\/p>\n<p class=\"MsoNormal\">Das Spiel endet, sobald alle Motiv-Felder besetzt sind. Dann werden die Punkte der einzelnen Felder + die erzielten Bonus-Punkte zusammengez\u00e4hlt. Wer die meisten Punkte erzielt hat, gewinnt das Spiel!<\/p>\n<p class=\"MsoNormal\"><b>Spieldauer: etwa 20Minuten<\/b><\/p>\n<p class=\"MsoNormal\"><b>6 weitere Spielvarianten m\u00f6glich, insbesondere mit dem Doppelbrett von LOONA &#8211; Das verflixte Brettspiel!<\/b><\/p>\n<h3 class=\"MsoNormal\">SHOP<\/h3>\n<blockquote class=\"wp-embedded-content\" data-secret=\"SooB0qQdYi\"><p><a href=\"https:\/\/www.erfinde-dein-spiel.de\/spiele\/shops-autoren\/koffer-spiele\/\">Koffer-Spiele<\/a><\/p><\/blockquote>\n<p><iframe class=\"wp-embedded-content\" sandbox=\"allow-scripts\" security=\"restricted\" style=\"position: absolute; clip: rect(1px, 1px, 1px, 1px);\" title=\"&#8222;Koffer-Spiele&#8220; &#8212; (er-)finde DEIN Spiel\" src=\"https:\/\/www.erfinde-dein-spiel.de\/spiele\/shops-autoren\/koffer-spiele\/embed\/#?secret=Qj1JrxUby3#?secret=SooB0qQdYi\" data-secret=\"SooB0qQdYi\" width=\"500\" height=\"282\" frameborder=\"0\" marginwidth=\"0\" marginheight=\"0\" scrolling=\"no\"><\/iframe><\/p>\n<p>&nbsp;<\/p>\n<p class=\"MsoNormal\">\n<p class=\"MsoNormal\"><b>\u00a0<\/b><\/p>\n","protected":false},"excerpt":{"rendered":"<p><a href=\"http:\/\/www.erfinde-dein-spiel.de\/spiele\/shops-autoren\/koffer-spiele\/\" target=\"_blank\">Shop: KOFFERSPIELE<\/a><\/p>\n<p>Eine tolle Kombination aus gleich mehreren Spielen trifft hier zusammen: Ged\u00e4chtnis-Spiel, Tic-Tac-Toe, Sudoku &#8230; und Ablege- und Aufnahmespiel, das mit bis zu 4 Spielern gleichzeitig gespielt werden kann.<\/p>\n","protected":false},"featured_media":1388,"comment_status":"open","ping_status":"closed","template":"","meta":{"_themeisle_gutenberg_block_has_review":false},"product_cat":[303,377,247,261,281,260,274,258,267],"product_tag":[],"yoast_head":"<!-- This site is optimized with the Yoast SEO plugin v22.6 - https:\/\/yoast.com\/wordpress\/plugins\/seo\/ -->\n<title>LOONA - Einzelbrett - (er-)finde DEIN Spiel<\/title>\n<meta name=\"robots\" content=\"index, follow, max-snippet:-1, max-image-preview:large, max-video-preview:-1\" \/>\n<link rel=\"canonical\" href=\"https:\/\/www.erfinde-dein-spiel.de\/spiele\/shop\/spiele-kategorie\/kinderspiele\/loona-einzelbrett\/\" \/>\n<meta property=\"og:locale\" content=\"de_DE\" \/>\n<meta property=\"og:type\" content=\"article\" \/>\n<meta property=\"og:title\" content=\"LOONA - Einzelbrett - (er-)finde DEIN Spiel\" \/>\n<meta property=\"og:description\" content=\"Shop: KOFFERSPIELE  Eine tolle Kombination aus gleich mehreren Spielen trifft hier zusammen: Ged\u00e4chtnis-Spiel, Tic-Tac-Toe, Sudoku ... und Ablege- und Aufnahmespiel, das mit bis zu 4 Spielern gleichzeitig gespielt werden kann.\" \/>\n<meta property=\"og:url\" content=\"https:\/\/www.erfinde-dein-spiel.de\/spiele\/shop\/spiele-kategorie\/kinderspiele\/loona-einzelbrett\/\" \/>\n<meta property=\"og:site_name\" content=\"(er-)finde DEIN Spiel\" \/>\n<meta property=\"article:modified_time\" content=\"2016-01-21T22:17:06+00:00\" \/>\n<meta property=\"og:image\" content=\"https:\/\/www.erfinde-dein-spiel.de\/spiele\/wp-content\/uploads\/2015\/11\/PP_382_4041.jpg\" \/>\n\t<meta property=\"og:image:width\" content=\"500\" \/>\n\t<meta property=\"og:image:height\" content=\"333\" \/>\n\t<meta property=\"og:image:type\" content=\"image\/jpeg\" \/>\n<meta name=\"twitter:card\" content=\"summary_large_image\" \/>\n<meta name=\"twitter:label1\" content=\"Gesch\u00e4tzte Lesezeit\" \/>\n\t<meta name=\"twitter:data1\" content=\"2 Minuten\" \/>\n<script type=\"application\/ld+json\" class=\"yoast-schema-graph\">{\"@context\":\"https:\/\/schema.org\",\"@graph\":[{\"@type\":\"WebPage\",\"@id\":\"https:\/\/www.erfinde-dein-spiel.de\/spiele\/shop\/spiele-kategorie\/kinderspiele\/loona-einzelbrett\/\",\"url\":\"https:\/\/www.erfinde-dein-spiel.de\/spiele\/shop\/spiele-kategorie\/kinderspiele\/loona-einzelbrett\/\",\"name\":\"LOONA - Einzelbrett - (er-)finde DEIN Spiel\",\"isPartOf\":{\"@id\":\"https:\/\/www.erfinde-dein-spiel.de\/spiele\/#website\"},\"primaryImageOfPage\":{\"@id\":\"https:\/\/www.erfinde-dein-spiel.de\/spiele\/shop\/spiele-kategorie\/kinderspiele\/loona-einzelbrett\/#primaryimage\"},\"image\":{\"@id\":\"https:\/\/www.erfinde-dein-spiel.de\/spiele\/shop\/spiele-kategorie\/kinderspiele\/loona-einzelbrett\/#primaryimage\"},\"thumbnailUrl\":\"https:\/\/www.erfinde-dein-spiel.de\/spiele\/wp-content\/uploads\/2015\/11\/PP_382_4041.jpg\",\"datePublished\":\"2015-11-15T22:52:23+00:00\",\"dateModified\":\"2016-01-21T22:17:06+00:00\",\"breadcrumb\":{\"@id\":\"https:\/\/www.erfinde-dein-spiel.de\/spiele\/shop\/spiele-kategorie\/kinderspiele\/loona-einzelbrett\/#breadcrumb\"},\"inLanguage\":\"de-DE\",\"potentialAction\":[{\"@type\":\"ReadAction\",\"target\":[\"https:\/\/www.erfinde-dein-spiel.de\/spiele\/shop\/spiele-kategorie\/kinderspiele\/loona-einzelbrett\/\"]}]},{\"@type\":\"ImageObject\",\"inLanguage\":\"de-DE\",\"@id\":\"https:\/\/www.erfinde-dein-spiel.de\/spiele\/shop\/spiele-kategorie\/kinderspiele\/loona-einzelbrett\/#primaryimage\",\"url\":\"https:\/\/www.erfinde-dein-spiel.de\/spiele\/wp-content\/uploads\/2015\/11\/PP_382_4041.jpg\",\"contentUrl\":\"https:\/\/www.erfinde-dein-spiel.de\/spiele\/wp-content\/uploads\/2015\/11\/PP_382_4041.jpg\",\"width\":500,\"height\":333},{\"@type\":\"BreadcrumbList\",\"@id\":\"https:\/\/www.erfinde-dein-spiel.de\/spiele\/shop\/spiele-kategorie\/kinderspiele\/loona-einzelbrett\/#breadcrumb\",\"itemListElement\":[{\"@type\":\"ListItem\",\"position\":1,\"name\":\"Home\",\"item\":\"https:\/\/www.erfinde-dein-spiel.de\/spiele\/\"},{\"@type\":\"ListItem\",\"position\":2,\"name\":\"Shop\",\"item\":\"https:\/\/www.erfinde-dein-spiel.de\/spiele\/\"},{\"@type\":\"ListItem\",\"position\":3,\"name\":\"LOONA &#8211; Einzelbrett\"}]},{\"@type\":\"WebSite\",\"@id\":\"https:\/\/www.erfinde-dein-spiel.de\/spiele\/#website\",\"url\":\"https:\/\/www.erfinde-dein-spiel.de\/spiele\/\",\"name\":\"(er-)finde DEIN Spiel\",\"description\":\"Spiele aus der Community. Powered by Spieltz.\",\"potentialAction\":[{\"@type\":\"SearchAction\",\"target\":{\"@type\":\"EntryPoint\",\"urlTemplate\":\"https:\/\/www.erfinde-dein-spiel.de\/spiele\/?s={search_term_string}\"},\"query-input\":\"required name=search_term_string\"}],\"inLanguage\":\"de-DE\"}]}<\/script>\n<!-- \/ Yoast SEO plugin. -->","yoast_head_json":{"title":"LOONA - Einzelbrett - (er-)finde DEIN Spiel","robots":{"index":"index","follow":"follow","max-snippet":"max-snippet:-1","max-image-preview":"max-image-preview:large","max-video-preview":"max-video-preview:-1"},"canonical":"https:\/\/www.erfinde-dein-spiel.de\/spiele\/shop\/spiele-kategorie\/kinderspiele\/loona-einzelbrett\/","og_locale":"de_DE","og_type":"article","og_title":"LOONA - Einzelbrett - (er-)finde DEIN Spiel","og_description":"Shop: KOFFERSPIELE  Eine tolle Kombination aus gleich mehreren Spielen trifft hier zusammen: Ged\u00e4chtnis-Spiel, Tic-Tac-Toe, Sudoku ... und Ablege- und Aufnahmespiel, das mit bis zu 4 Spielern gleichzeitig gespielt werden kann.","og_url":"https:\/\/www.erfinde-dein-spiel.de\/spiele\/shop\/spiele-kategorie\/kinderspiele\/loona-einzelbrett\/","og_site_name":"(er-)finde DEIN Spiel","article_modified_time":"2016-01-21T22:17:06+00:00","og_image":[{"width":500,"height":333,"url":"https:\/\/www.erfinde-dein-spiel.de\/spiele\/wp-content\/uploads\/2015\/11\/PP_382_4041.jpg","type":"image\/jpeg"}],"twitter_card":"summary_large_image","twitter_misc":{"Gesch\u00e4tzte Lesezeit":"2 Minuten"},"schema":{"@context":"https:\/\/schema.org","@graph":[{"@type":"WebPage","@id":"https:\/\/www.erfinde-dein-spiel.de\/spiele\/shop\/spiele-kategorie\/kinderspiele\/loona-einzelbrett\/","url":"https:\/\/www.erfinde-dein-spiel.de\/spiele\/shop\/spiele-kategorie\/kinderspiele\/loona-einzelbrett\/","name":"LOONA - Einzelbrett - (er-)finde DEIN Spiel","isPartOf":{"@id":"https:\/\/www.erfinde-dein-spiel.de\/spiele\/#website"},"primaryImageOfPage":{"@id":"https:\/\/www.erfinde-dein-spiel.de\/spiele\/shop\/spiele-kategorie\/kinderspiele\/loona-einzelbrett\/#primaryimage"},"image":{"@id":"https:\/\/www.erfinde-dein-spiel.de\/spiele\/shop\/spiele-kategorie\/kinderspiele\/loona-einzelbrett\/#primaryimage"},"thumbnailUrl":"https:\/\/www.erfinde-dein-spiel.de\/spiele\/wp-content\/uploads\/2015\/11\/PP_382_4041.jpg","datePublished":"2015-11-15T22:52:23+00:00","dateModified":"2016-01-21T22:17:06+00:00","breadcrumb":{"@id":"https:\/\/www.erfinde-dein-spiel.de\/spiele\/shop\/spiele-kategorie\/kinderspiele\/loona-einzelbrett\/#breadcrumb"},"inLanguage":"de-DE","potentialAction":[{"@type":"ReadAction","target":["https:\/\/www.erfinde-dein-spiel.de\/spiele\/shop\/spiele-kategorie\/kinderspiele\/loona-einzelbrett\/"]}]},{"@type":"ImageObject","inLanguage":"de-DE","@id":"https:\/\/www.erfinde-dein-spiel.de\/spiele\/shop\/spiele-kategorie\/kinderspiele\/loona-einzelbrett\/#primaryimage","url":"https:\/\/www.erfinde-dein-spiel.de\/spiele\/wp-content\/uploads\/2015\/11\/PP_382_4041.jpg","contentUrl":"https:\/\/www.erfinde-dein-spiel.de\/spiele\/wp-content\/uploads\/2015\/11\/PP_382_4041.jpg","width":500,"height":333},{"@type":"BreadcrumbList","@id":"https:\/\/www.erfinde-dein-spiel.de\/spiele\/shop\/spiele-kategorie\/kinderspiele\/loona-einzelbrett\/#breadcrumb","itemListElement":[{"@type":"ListItem","position":1,"name":"Home","item":"https:\/\/www.erfinde-dein-spiel.de\/spiele\/"},{"@type":"ListItem","position":2,"name":"Shop","item":"https:\/\/www.erfinde-dein-spiel.de\/spiele\/"},{"@type":"ListItem","position":3,"name":"LOONA &#8211; Einzelbrett"}]},{"@type":"WebSite","@id":"https:\/\/www.erfinde-dein-spiel.de\/spiele\/#website","url":"https:\/\/www.erfinde-dein-spiel.de\/spiele\/","name":"(er-)finde DEIN Spiel","description":"Spiele aus der Community. Powered by Spieltz.","potentialAction":[{"@type":"SearchAction","target":{"@type":"EntryPoint","urlTemplate":"https:\/\/www.erfinde-dein-spiel.de\/spiele\/?s={search_term_string}"},"query-input":"required name=search_term_string"}],"inLanguage":"de-DE"}]}},"_links":{"self":[{"href":"https:\/\/www.erfinde-dein-spiel.de\/spiele\/wp-json\/wp\/v2\/product\/1387"}],"collection":[{"href":"https:\/\/www.erfinde-dein-spiel.de\/spiele\/wp-json\/wp\/v2\/product"}],"about":[{"href":"https:\/\/www.erfinde-dein-spiel.de\/spiele\/wp-json\/wp\/v2\/types\/product"}],"replies":[{"embeddable":true,"href":"https:\/\/www.erfinde-dein-spiel.de\/spiele\/wp-json\/wp\/v2\/comments?post=1387"}],"wp:featuredmedia":[{"embeddable":true,"href":"https:\/\/www.erfinde-dein-spiel.de\/spiele\/wp-json\/wp\/v2\/media\/1388"}],"wp:attachment":[{"href":"https:\/\/www.erfinde-dein-spiel.de\/spiele\/wp-json\/wp\/v2\/media?parent=1387"}],"wp:term":[{"taxonomy":"product_cat","embeddable":true,"href":"https:\/\/www.erfinde-dein-spiel.de\/spiele\/wp-json\/wp\/v2\/product_cat?post=1387"},{"taxonomy":"product_tag","embeddable":true,"href":"https:\/\/www.erfinde-dein-spiel.de\/spiele\/wp-json\/wp\/v2\/product_tag?post=1387"}],"curies":[{"name":"wp","href":"https:\/\/api.w.org\/{rel}","templated":true}]}}