{"id":1298,"date":"2015-11-15T23:50:53","date_gmt":"2015-11-15T22:50:53","guid":{"rendered":"http:\/\/www.erfinde-dein-spiel.de\/shop\/unkategorisiert\/deutschland-trip\/"},"modified":"2016-01-18T03:36:27","modified_gmt":"2016-01-18T02:36:27","slug":"deutschland-trip","status":"publish","type":"product","link":"https:\/\/www.erfinde-dein-spiel.de\/spiele\/shop\/spiel-thema\/erdkunde-geographie\/deutschland-trip\/","title":{"rendered":"Deutschland Trip"},"content":{"rendered":"<h3>Das Spiel<\/h3>\n<p>Autor \/ Grafik:<\/p>\n<p>(Spiel f\u00fcr 2 bis 6 Spieler, bei gen\u00fcgend Spielsteinen auch mehr m\u00f6glich, Spielzeit variiert mit Anzahl der Spieler und Reisezielen)<\/p>\n<p>Zu Beginn des Spiels werden 3 bis 7 St\u00e4dte bestimmt, die es gilt zu besuchen. Diese St\u00e4dte lassen sich frei w\u00e4hlen, sollten aber nicht zu nahe beieinander liegen. Eine M\u00f6glichkeit die St\u00e4dte zu bestimmen, w\u00e4re wie bei Stadt, Land, Fluss zu verfahren, nur mit Zahlen, anstatt Buchstaben. Es gibt 93 St\u00e4dte, also z\u00e4hlt ein Spieler leise von 1 bis 93, bis ein anderer laut Stopp ruft. Die Stadt, welche die gleiche Zahl tr\u00e4gt (z.B. 8 = Bern), wird von jedem Spieler mit einer Spielfigur besetzt (am Rand). So werden auch die \u00fcbrigen St\u00e4dte gew\u00e4hlt: Bei 5 bis 6 Spielern &#8211;&gt; 4 St\u00e4dte, bei 3 bis 4 Spielern &#8211;&gt; 6 St\u00e4dte und bei 2 Spielern &#8211;&gt; 7 St\u00e4dte.<br \/>\nEin weiterer Spielstein wird als L\u00e4ufer ben\u00f6tigt, mit dem die St\u00e4dte besucht werden. Es geht vom Startfeld los. Erreicht ein Spieler die gesuchte Stadt, entfernt er seine Spielfigur am Rand des Spielfeldes von dieser Stadt. Bei der besuchten Stadt, muss der Spieler eine Runde stehen bleiben, die restliche Augenzahl verf\u00e4llt. Bei einem roten Feld oder Wappen-Feld, kann der Spieler die Stadt benennen. Bei richtiger Antwort (siehe Rand), zieht der Spieler zwei Felder vor. Die Nummer im roten Feld stimmt mit der am Rand \u00fcberein. Der Spieler, der zuerst alle gesuchten St\u00e4dte besichtigt hat, gewinnt das Spiel. Alle Spielsteine die am Anfang die gesuchten St\u00e4dte markiert haben, sollten nun verschwunden sein. Der Spieler, der die h\u00f6chste Zahl w\u00fcrfelt, beginnt.<\/p>\n<p><strong>Viel Spa\u00df<\/strong><\/p>\n<h3>Spielmaterial<\/h3>\n<ul>\n<li>1 Spielplan (LKW-Plane), Gr\u00f6\u00dfe 42\u00a0x 42\u00a0cm<\/li>\n<li>48 Spielfiguren in 6 verschiedenen Farben + 1\u00a0W\u00fcrfel aus bunt lackiertem Holz. Halmakegel Gr\u00f6\u00dfe 12\/24 mm in rot (8), blau (8), gr\u00fcn (8), gelb (8), schwarz (8), wei\u00df (8)<\/li>\n<li>ausf\u00fchrliche Anleitung auf Deutsch<\/li>\n<li>Verpackung: Papprolle, wei\u00df gl\u00e4nzend, mit Aufkleber, L\u00e4nge 44 mm, Durchmesser 6 cm.<\/li>\n<\/ul>\n<h3>Das Wichtigste in K\u00fcrze<\/h3>\n<ul>\n<li>Art des Spiels: Brettspiel, Familienspiel, Gesellschaftsspiel<\/li>\n<li>Ausf\u00fchrung: Spielplan auf LKW-Plane \u2013 rollbar und robust, verpackt in eine Papprolle<\/li>\n<li>Zubeh\u00f6r: Spielfiguren und W\u00fcrfel aus bunt lackiertem Holz<\/li>\n<li>Spielthema:\u00a0Erdkunde, Deutschland, Stadt, Land<\/li>\n<li>Anzahl Spieler: 2\u00a0\u2013 6\u00a0Spieler<\/li>\n<li>Empfohlenes Alter: ab 8\u00a0Jahren<\/li>\n<li>Spieldauer: etwa 30 \u2013 45 Minuten<\/li>\n<\/ul>\n<h3>SHOP<\/h3>\n<blockquote class=\"wp-embedded-content\" data-secret=\"RuebOmi8SZ\"><p><a href=\"https:\/\/www.erfinde-dein-spiel.de\/spiele\/shop\/spiel-thema\/erdkunde-geographie\/deutschland-trip\/\">Deutschland Trip<\/a><\/p><\/blockquote>\n<p><iframe class=\"wp-embedded-content\" sandbox=\"allow-scripts\" security=\"restricted\" style=\"position: absolute; clip: rect(1px, 1px, 1px, 1px);\" title=\"&#8222;Deutschland Trip&#8220; &#8212; (er-)finde DEIN Spiel\" src=\"https:\/\/www.erfinde-dein-spiel.de\/spiele\/shop\/spiel-thema\/erdkunde-geographie\/deutschland-trip\/embed\/#?secret=13SeP5dC5z#?secret=RuebOmi8SZ\" data-secret=\"RuebOmi8SZ\" width=\"500\" height=\"282\" frameborder=\"0\" marginwidth=\"0\" marginheight=\"0\" scrolling=\"no\"><\/iframe><\/p>\n<p>&nbsp;<\/p>\n<p>&nbsp;<\/p>\n","protected":false},"excerpt":{"rendered":"<p><a href=\"http:\/\/www.erfinde-dein-spiel.de\/spiele\/shops-autoren\/r-n-kent-spiele\/\" target=\"_blank\">Shop: R.N. Kent Spiele<\/a><\/p>\n<p>Wie gut kennst du Deutschland? Teste dein Wissen! Landeshauptst\u00e4dte und andere deutsche St\u00e4dte werden gesucht. Bei richtiger Antwort, darf man Extrafelder laufen. Wer alle Reiseziele besichtigt hat, gewinnt das Spiel. Ideal zum Lernen! Auf gehts&#8230;<\/p>\n<div>\n<p>Rollbarer Spielplan aus LKW-Plane, Gr\u00f6\u00dfe: 42\u00a0x 42\u00a0cm; Spielfiguren + W\u00fcrfel aus bunt lackiertem Holz;\u00a0Verpackung: Papprolle wei\u00df, L\u00e4nge 44 cm, Durchmesser 6 cm<\/p>\n<\/div>\n","protected":false},"featured_media":1299,"comment_status":"open","ping_status":"closed","template":"","meta":{"_themeisle_gutenberg_block_has_review":false},"product_cat":[304,314,368,369,248,252,267],"product_tag":[],"yoast_head":"<!-- This site is optimized with the Yoast SEO plugin v22.6 - https:\/\/yoast.com\/wordpress\/plugins\/seo\/ -->\n<title>Deutschland Trip - (er-)finde DEIN Spiel<\/title>\n<meta name=\"robots\" content=\"index, follow, max-snippet:-1, max-image-preview:large, max-video-preview:-1\" \/>\n<link rel=\"canonical\" href=\"https:\/\/www.erfinde-dein-spiel.de\/spiele\/shop\/spiel-thema\/erdkunde-geographie\/deutschland-trip\/\" \/>\n<meta property=\"og:locale\" content=\"de_DE\" \/>\n<meta property=\"og:type\" content=\"article\" \/>\n<meta property=\"og:title\" content=\"Deutschland Trip - (er-)finde DEIN Spiel\" \/>\n<meta property=\"og:description\" content=\"Shop: R.N. Kent Spiele  Wie gut kennst du Deutschland? Teste dein Wissen! Landeshauptst\u00e4dte und andere deutsche St\u00e4dte werden gesucht. Bei richtiger Antwort, darf man Extrafelder laufen. Wer alle Reiseziele besichtigt hat, gewinnt das Spiel. Ideal zum Lernen! Auf gehts...   Rollbarer Spielplan aus LKW-Plane, Gr\u00f6\u00dfe: 42\u00a0x 42\u00a0cm; Spielfiguren + W\u00fcrfel aus bunt lackiertem Holz;\u00a0Verpackung: Papprolle wei\u00df, L\u00e4nge 44 cm, Durchmesser 6 cm\" \/>\n<meta property=\"og:url\" content=\"https:\/\/www.erfinde-dein-spiel.de\/spiele\/shop\/spiel-thema\/erdkunde-geographie\/deutschland-trip\/\" \/>\n<meta property=\"og:site_name\" content=\"(er-)finde DEIN Spiel\" \/>\n<meta property=\"article:modified_time\" content=\"2016-01-18T02:36:27+00:00\" \/>\n<meta property=\"og:image\" content=\"https:\/\/www.erfinde-dein-spiel.de\/spiele\/wp-content\/uploads\/2015\/11\/PP_2711.jpg\" \/>\n\t<meta property=\"og:image:width\" content=\"500\" \/>\n\t<meta property=\"og:image:height\" content=\"500\" \/>\n\t<meta property=\"og:image:type\" content=\"image\/jpeg\" \/>\n<meta name=\"twitter:card\" content=\"summary_large_image\" \/>\n<meta name=\"twitter:label1\" content=\"Gesch\u00e4tzte Lesezeit\" \/>\n\t<meta name=\"twitter:data1\" content=\"2 Minuten\" \/>\n<script type=\"application\/ld+json\" class=\"yoast-schema-graph\">{\"@context\":\"https:\/\/schema.org\",\"@graph\":[{\"@type\":\"WebPage\",\"@id\":\"https:\/\/www.erfinde-dein-spiel.de\/spiele\/shop\/spiel-thema\/erdkunde-geographie\/deutschland-trip\/\",\"url\":\"https:\/\/www.erfinde-dein-spiel.de\/spiele\/shop\/spiel-thema\/erdkunde-geographie\/deutschland-trip\/\",\"name\":\"Deutschland Trip - (er-)finde DEIN Spiel\",\"isPartOf\":{\"@id\":\"https:\/\/www.erfinde-dein-spiel.de\/spiele\/#website\"},\"primaryImageOfPage\":{\"@id\":\"https:\/\/www.erfinde-dein-spiel.de\/spiele\/shop\/spiel-thema\/erdkunde-geographie\/deutschland-trip\/#primaryimage\"},\"image\":{\"@id\":\"https:\/\/www.erfinde-dein-spiel.de\/spiele\/shop\/spiel-thema\/erdkunde-geographie\/deutschland-trip\/#primaryimage\"},\"thumbnailUrl\":\"https:\/\/www.erfinde-dein-spiel.de\/spiele\/wp-content\/uploads\/2015\/11\/PP_2711.jpg\",\"datePublished\":\"2015-11-15T22:50:53+00:00\",\"dateModified\":\"2016-01-18T02:36:27+00:00\",\"breadcrumb\":{\"@id\":\"https:\/\/www.erfinde-dein-spiel.de\/spiele\/shop\/spiel-thema\/erdkunde-geographie\/deutschland-trip\/#breadcrumb\"},\"inLanguage\":\"de-DE\",\"potentialAction\":[{\"@type\":\"ReadAction\",\"target\":[\"https:\/\/www.erfinde-dein-spiel.de\/spiele\/shop\/spiel-thema\/erdkunde-geographie\/deutschland-trip\/\"]}]},{\"@type\":\"ImageObject\",\"inLanguage\":\"de-DE\",\"@id\":\"https:\/\/www.erfinde-dein-spiel.de\/spiele\/shop\/spiel-thema\/erdkunde-geographie\/deutschland-trip\/#primaryimage\",\"url\":\"https:\/\/www.erfinde-dein-spiel.de\/spiele\/wp-content\/uploads\/2015\/11\/PP_2711.jpg\",\"contentUrl\":\"https:\/\/www.erfinde-dein-spiel.de\/spiele\/wp-content\/uploads\/2015\/11\/PP_2711.jpg\",\"width\":500,\"height\":500,\"caption\":\"Deutschland Trip\"},{\"@type\":\"BreadcrumbList\",\"@id\":\"https:\/\/www.erfinde-dein-spiel.de\/spiele\/shop\/spiel-thema\/erdkunde-geographie\/deutschland-trip\/#breadcrumb\",\"itemListElement\":[{\"@type\":\"ListItem\",\"position\":1,\"name\":\"Home\",\"item\":\"https:\/\/www.erfinde-dein-spiel.de\/spiele\/\"},{\"@type\":\"ListItem\",\"position\":2,\"name\":\"Shop\",\"item\":\"https:\/\/www.erfinde-dein-spiel.de\/spiele\/\"},{\"@type\":\"ListItem\",\"position\":3,\"name\":\"Deutschland Trip\"}]},{\"@type\":\"WebSite\",\"@id\":\"https:\/\/www.erfinde-dein-spiel.de\/spiele\/#website\",\"url\":\"https:\/\/www.erfinde-dein-spiel.de\/spiele\/\",\"name\":\"(er-)finde DEIN Spiel\",\"description\":\"Spiele aus der Community. Powered by Spieltz.\",\"potentialAction\":[{\"@type\":\"SearchAction\",\"target\":{\"@type\":\"EntryPoint\",\"urlTemplate\":\"https:\/\/www.erfinde-dein-spiel.de\/spiele\/?s={search_term_string}\"},\"query-input\":\"required name=search_term_string\"}],\"inLanguage\":\"de-DE\"}]}<\/script>\n<!-- \/ Yoast SEO plugin. -->","yoast_head_json":{"title":"Deutschland Trip - (er-)finde DEIN Spiel","robots":{"index":"index","follow":"follow","max-snippet":"max-snippet:-1","max-image-preview":"max-image-preview:large","max-video-preview":"max-video-preview:-1"},"canonical":"https:\/\/www.erfinde-dein-spiel.de\/spiele\/shop\/spiel-thema\/erdkunde-geographie\/deutschland-trip\/","og_locale":"de_DE","og_type":"article","og_title":"Deutschland Trip - (er-)finde DEIN Spiel","og_description":"Shop: R.N. Kent Spiele  Wie gut kennst du Deutschland? Teste dein Wissen! Landeshauptst\u00e4dte und andere deutsche St\u00e4dte werden gesucht. Bei richtiger Antwort, darf man Extrafelder laufen. Wer alle Reiseziele besichtigt hat, gewinnt das Spiel. Ideal zum Lernen! Auf gehts...   Rollbarer Spielplan aus LKW-Plane, Gr\u00f6\u00dfe: 42\u00a0x 42\u00a0cm; Spielfiguren + W\u00fcrfel aus bunt lackiertem Holz;\u00a0Verpackung: Papprolle wei\u00df, L\u00e4nge 44 cm, Durchmesser 6 cm","og_url":"https:\/\/www.erfinde-dein-spiel.de\/spiele\/shop\/spiel-thema\/erdkunde-geographie\/deutschland-trip\/","og_site_name":"(er-)finde DEIN Spiel","article_modified_time":"2016-01-18T02:36:27+00:00","og_image":[{"width":500,"height":500,"url":"https:\/\/www.erfinde-dein-spiel.de\/spiele\/wp-content\/uploads\/2015\/11\/PP_2711.jpg","type":"image\/jpeg"}],"twitter_card":"summary_large_image","twitter_misc":{"Gesch\u00e4tzte Lesezeit":"2 Minuten"},"schema":{"@context":"https:\/\/schema.org","@graph":[{"@type":"WebPage","@id":"https:\/\/www.erfinde-dein-spiel.de\/spiele\/shop\/spiel-thema\/erdkunde-geographie\/deutschland-trip\/","url":"https:\/\/www.erfinde-dein-spiel.de\/spiele\/shop\/spiel-thema\/erdkunde-geographie\/deutschland-trip\/","name":"Deutschland Trip - (er-)finde DEIN Spiel","isPartOf":{"@id":"https:\/\/www.erfinde-dein-spiel.de\/spiele\/#website"},"primaryImageOfPage":{"@id":"https:\/\/www.erfinde-dein-spiel.de\/spiele\/shop\/spiel-thema\/erdkunde-geographie\/deutschland-trip\/#primaryimage"},"image":{"@id":"https:\/\/www.erfinde-dein-spiel.de\/spiele\/shop\/spiel-thema\/erdkunde-geographie\/deutschland-trip\/#primaryimage"},"thumbnailUrl":"https:\/\/www.erfinde-dein-spiel.de\/spiele\/wp-content\/uploads\/2015\/11\/PP_2711.jpg","datePublished":"2015-11-15T22:50:53+00:00","dateModified":"2016-01-18T02:36:27+00:00","breadcrumb":{"@id":"https:\/\/www.erfinde-dein-spiel.de\/spiele\/shop\/spiel-thema\/erdkunde-geographie\/deutschland-trip\/#breadcrumb"},"inLanguage":"de-DE","potentialAction":[{"@type":"ReadAction","target":["https:\/\/www.erfinde-dein-spiel.de\/spiele\/shop\/spiel-thema\/erdkunde-geographie\/deutschland-trip\/"]}]},{"@type":"ImageObject","inLanguage":"de-DE","@id":"https:\/\/www.erfinde-dein-spiel.de\/spiele\/shop\/spiel-thema\/erdkunde-geographie\/deutschland-trip\/#primaryimage","url":"https:\/\/www.erfinde-dein-spiel.de\/spiele\/wp-content\/uploads\/2015\/11\/PP_2711.jpg","contentUrl":"https:\/\/www.erfinde-dein-spiel.de\/spiele\/wp-content\/uploads\/2015\/11\/PP_2711.jpg","width":500,"height":500,"caption":"Deutschland Trip"},{"@type":"BreadcrumbList","@id":"https:\/\/www.erfinde-dein-spiel.de\/spiele\/shop\/spiel-thema\/erdkunde-geographie\/deutschland-trip\/#breadcrumb","itemListElement":[{"@type":"ListItem","position":1,"name":"Home","item":"https:\/\/www.erfinde-dein-spiel.de\/spiele\/"},{"@type":"ListItem","position":2,"name":"Shop","item":"https:\/\/www.erfinde-dein-spiel.de\/spiele\/"},{"@type":"ListItem","position":3,"name":"Deutschland Trip"}]},{"@type":"WebSite","@id":"https:\/\/www.erfinde-dein-spiel.de\/spiele\/#website","url":"https:\/\/www.erfinde-dein-spiel.de\/spiele\/","name":"(er-)finde DEIN Spiel","description":"Spiele aus der Community. Powered by Spieltz.","potentialAction":[{"@type":"SearchAction","target":{"@type":"EntryPoint","urlTemplate":"https:\/\/www.erfinde-dein-spiel.de\/spiele\/?s={search_term_string}"},"query-input":"required name=search_term_string"}],"inLanguage":"de-DE"}]}},"_links":{"self":[{"href":"https:\/\/www.erfinde-dein-spiel.de\/spiele\/wp-json\/wp\/v2\/product\/1298"}],"collection":[{"href":"https:\/\/www.erfinde-dein-spiel.de\/spiele\/wp-json\/wp\/v2\/product"}],"about":[{"href":"https:\/\/www.erfinde-dein-spiel.de\/spiele\/wp-json\/wp\/v2\/types\/product"}],"replies":[{"embeddable":true,"href":"https:\/\/www.erfinde-dein-spiel.de\/spiele\/wp-json\/wp\/v2\/comments?post=1298"}],"wp:featuredmedia":[{"embeddable":true,"href":"https:\/\/www.erfinde-dein-spiel.de\/spiele\/wp-json\/wp\/v2\/media\/1299"}],"wp:attachment":[{"href":"https:\/\/www.erfinde-dein-spiel.de\/spiele\/wp-json\/wp\/v2\/media?parent=1298"}],"wp:term":[{"taxonomy":"product_cat","embeddable":true,"href":"https:\/\/www.erfinde-dein-spiel.de\/spiele\/wp-json\/wp\/v2\/product_cat?post=1298"},{"taxonomy":"product_tag","embeddable":true,"href":"https:\/\/www.erfinde-dein-spiel.de\/spiele\/wp-json\/wp\/v2\/product_tag?post=1298"}],"curies":[{"name":"wp","href":"https:\/\/api.w.org\/{rel}","templated":true}]}}