{"id":1277,"date":"2015-11-15T23:50:37","date_gmt":"2015-11-15T22:50:37","guid":{"rendered":"http:\/\/www.erfinde-dein-spiel.de\/shop\/unkategorisiert\/lau-kati-kata\/"},"modified":"2016-01-21T22:48:28","modified_gmt":"2016-01-21T21:48:28","slug":"lau-kati-kata","status":"publish","type":"product","link":"https:\/\/www.erfinde-dein-spiel.de\/spiele\/shop\/spiele-kategorie\/weltspiele\/lau-kati-kata\/","title":{"rendered":"Lau Kati Kata"},"content":{"rendered":"<p>Lau Kati Kata, ein Strategiespiel f\u00fcr 2 Spieler, \u00a0geh\u00f6rt zur Gruppe der Alquerque-Spiele. Diese Vorl\u00e4ufer des Dame-Spiels wurden bereits im alten \u00c4gypten gespielt. Die Steine werden abwechselnd entlang der Linien bewegt. Ziel ist es, alle gegnerischen Steine durch \u00dcberspringen zu schlagen. Der Sprung kann allerdings nur erfolgen, wenn das Feld hinter dem Stein frei ist. Es besteht Schlagzwang.<\/p>\n<blockquote class=\"wp-embedded-content\" data-secret=\"M1Ybs9NLgS\"><p><a href=\"https:\/\/www.erfinde-dein-spiel.de\/spiele\/shop\/spiel-thema\/natur-pflanzen-tiere\/bluemchen-blau\/\">bl\u00fcmchen blau<\/a><\/p><\/blockquote>\n<p><iframe class=\"wp-embedded-content\" sandbox=\"allow-scripts\" security=\"restricted\" style=\"position: absolute; clip: rect(1px, 1px, 1px, 1px);\" title=\"&#8222;bl\u00fcmchen blau&#8220; &#8212; (er-)finde DEIN Spiel\" src=\"https:\/\/www.erfinde-dein-spiel.de\/spiele\/shop\/spiel-thema\/natur-pflanzen-tiere\/bluemchen-blau\/embed\/#?secret=dx9JtJAYzs#?secret=M1Ybs9NLgS\" data-secret=\"M1Ybs9NLgS\" width=\"500\" height=\"282\" frameborder=\"0\" marginwidth=\"0\" marginheight=\"0\" scrolling=\"no\"><\/iframe><\/p>\n<p>&nbsp;<\/p>\n<p>&nbsp;<\/p>\n","protected":false},"excerpt":{"rendered":"<p><a href=\"http:\/\/Shop: SPIELTZ VERLAGSPROGRAMM\" target=\"_blank\">Shop: SPIELTZ VERLAGSPROGRAMM<\/a><\/p>\n<p>Lau Kati Kata, ein Strategiespiel f\u00fcr 2 Spieler, \u00a0geh\u00f6rt zur Gruppe der Alquerque-Spiele. Diese Vorl\u00e4ufer des Dame-Spiels wurden bereits im alten \u00c4gypten gespielt. Die Steine werden abwechselnd entlang der Linien bewegt. Ziel ist es, alle gegnerischen Steine durch \u00dcberspringen zu schlagen. Der Sprung kann allerdings nur erfolgen, wenn das Feld hinter dem Stein frei ist. Es besteht Schlagzwang.<\/p>\n","protected":false},"featured_media":1278,"comment_status":"open","ping_status":"closed","template":"","meta":{"_themeisle_gutenberg_block_has_review":false},"product_cat":[302,328,261,279,260,274,258,268,250,246],"product_tag":[],"yoast_head":"<!-- This site is optimized with the Yoast SEO plugin v22.6 - https:\/\/yoast.com\/wordpress\/plugins\/seo\/ -->\n<title>Lau Kati Kata - (er-)finde DEIN Spiel<\/title>\n<meta name=\"robots\" content=\"index, follow, max-snippet:-1, max-image-preview:large, max-video-preview:-1\" \/>\n<link rel=\"canonical\" href=\"https:\/\/www.erfinde-dein-spiel.de\/spiele\/shop\/spiele-kategorie\/weltspiele\/lau-kati-kata\/\" \/>\n<meta property=\"og:locale\" content=\"de_DE\" \/>\n<meta property=\"og:type\" content=\"article\" \/>\n<meta property=\"og:title\" content=\"Lau Kati Kata - (er-)finde DEIN Spiel\" \/>\n<meta property=\"og:description\" content=\"Shop: SPIELTZ VERLAGSPROGRAMM  Lau Kati Kata, ein Strategiespiel f\u00fcr 2 Spieler, \u00a0geh\u00f6rt zur Gruppe der Alquerque-Spiele. Diese Vorl\u00e4ufer des Dame-Spiels wurden bereits im alten \u00c4gypten gespielt. Die Steine werden abwechselnd entlang der Linien bewegt. Ziel ist es, alle gegnerischen Steine durch \u00dcberspringen zu schlagen. Der Sprung kann allerdings nur erfolgen, wenn das Feld hinter dem Stein frei ist. Es besteht Schlagzwang.\" \/>\n<meta property=\"og:url\" content=\"https:\/\/www.erfinde-dein-spiel.de\/spiele\/shop\/spiele-kategorie\/weltspiele\/lau-kati-kata\/\" \/>\n<meta property=\"og:site_name\" content=\"(er-)finde DEIN Spiel\" \/>\n<meta property=\"article:modified_time\" content=\"2016-01-21T21:48:28+00:00\" \/>\n<meta property=\"og:image\" content=\"https:\/\/www.erfinde-dein-spiel.de\/spiele\/wp-content\/uploads\/2015\/11\/PP_2591.jpg\" \/>\n\t<meta property=\"og:image:width\" content=\"350\" \/>\n\t<meta property=\"og:image:height\" content=\"317\" \/>\n\t<meta property=\"og:image:type\" content=\"image\/jpeg\" \/>\n<meta name=\"twitter:card\" content=\"summary_large_image\" \/>\n<script type=\"application\/ld+json\" class=\"yoast-schema-graph\">{\"@context\":\"https:\/\/schema.org\",\"@graph\":[{\"@type\":\"WebPage\",\"@id\":\"https:\/\/www.erfinde-dein-spiel.de\/spiele\/shop\/spiele-kategorie\/weltspiele\/lau-kati-kata\/\",\"url\":\"https:\/\/www.erfinde-dein-spiel.de\/spiele\/shop\/spiele-kategorie\/weltspiele\/lau-kati-kata\/\",\"name\":\"Lau Kati Kata - (er-)finde DEIN Spiel\",\"isPartOf\":{\"@id\":\"https:\/\/www.erfinde-dein-spiel.de\/spiele\/#website\"},\"primaryImageOfPage\":{\"@id\":\"https:\/\/www.erfinde-dein-spiel.de\/spiele\/shop\/spiele-kategorie\/weltspiele\/lau-kati-kata\/#primaryimage\"},\"image\":{\"@id\":\"https:\/\/www.erfinde-dein-spiel.de\/spiele\/shop\/spiele-kategorie\/weltspiele\/lau-kati-kata\/#primaryimage\"},\"thumbnailUrl\":\"https:\/\/www.erfinde-dein-spiel.de\/spiele\/wp-content\/uploads\/2015\/11\/PP_2591.jpg\",\"datePublished\":\"2015-11-15T22:50:37+00:00\",\"dateModified\":\"2016-01-21T21:48:28+00:00\",\"breadcrumb\":{\"@id\":\"https:\/\/www.erfinde-dein-spiel.de\/spiele\/shop\/spiele-kategorie\/weltspiele\/lau-kati-kata\/#breadcrumb\"},\"inLanguage\":\"de-DE\",\"potentialAction\":[{\"@type\":\"ReadAction\",\"target\":[\"https:\/\/www.erfinde-dein-spiel.de\/spiele\/shop\/spiele-kategorie\/weltspiele\/lau-kati-kata\/\"]}]},{\"@type\":\"ImageObject\",\"inLanguage\":\"de-DE\",\"@id\":\"https:\/\/www.erfinde-dein-spiel.de\/spiele\/shop\/spiele-kategorie\/weltspiele\/lau-kati-kata\/#primaryimage\",\"url\":\"https:\/\/www.erfinde-dein-spiel.de\/spiele\/wp-content\/uploads\/2015\/11\/PP_2591.jpg\",\"contentUrl\":\"https:\/\/www.erfinde-dein-spiel.de\/spiele\/wp-content\/uploads\/2015\/11\/PP_2591.jpg\",\"width\":350,\"height\":317,\"caption\":\"Spiel Lau Kati Kata Brettspiel\"},{\"@type\":\"BreadcrumbList\",\"@id\":\"https:\/\/www.erfinde-dein-spiel.de\/spiele\/shop\/spiele-kategorie\/weltspiele\/lau-kati-kata\/#breadcrumb\",\"itemListElement\":[{\"@type\":\"ListItem\",\"position\":1,\"name\":\"Home\",\"item\":\"https:\/\/www.erfinde-dein-spiel.de\/spiele\/\"},{\"@type\":\"ListItem\",\"position\":2,\"name\":\"Shop\",\"item\":\"https:\/\/www.erfinde-dein-spiel.de\/spiele\/\"},{\"@type\":\"ListItem\",\"position\":3,\"name\":\"Lau Kati Kata\"}]},{\"@type\":\"WebSite\",\"@id\":\"https:\/\/www.erfinde-dein-spiel.de\/spiele\/#website\",\"url\":\"https:\/\/www.erfinde-dein-spiel.de\/spiele\/\",\"name\":\"(er-)finde DEIN Spiel\",\"description\":\"Spiele aus der Community. Powered by Spieltz.\",\"potentialAction\":[{\"@type\":\"SearchAction\",\"target\":{\"@type\":\"EntryPoint\",\"urlTemplate\":\"https:\/\/www.erfinde-dein-spiel.de\/spiele\/?s={search_term_string}\"},\"query-input\":\"required name=search_term_string\"}],\"inLanguage\":\"de-DE\"}]}<\/script>\n<!-- \/ Yoast SEO plugin. -->","yoast_head_json":{"title":"Lau Kati Kata - (er-)finde DEIN Spiel","robots":{"index":"index","follow":"follow","max-snippet":"max-snippet:-1","max-image-preview":"max-image-preview:large","max-video-preview":"max-video-preview:-1"},"canonical":"https:\/\/www.erfinde-dein-spiel.de\/spiele\/shop\/spiele-kategorie\/weltspiele\/lau-kati-kata\/","og_locale":"de_DE","og_type":"article","og_title":"Lau Kati Kata - (er-)finde DEIN Spiel","og_description":"Shop: SPIELTZ VERLAGSPROGRAMM  Lau Kati Kata, ein Strategiespiel f\u00fcr 2 Spieler, \u00a0geh\u00f6rt zur Gruppe der Alquerque-Spiele. Diese Vorl\u00e4ufer des Dame-Spiels wurden bereits im alten \u00c4gypten gespielt. Die Steine werden abwechselnd entlang der Linien bewegt. Ziel ist es, alle gegnerischen Steine durch \u00dcberspringen zu schlagen. Der Sprung kann allerdings nur erfolgen, wenn das Feld hinter dem Stein frei ist. Es besteht Schlagzwang.","og_url":"https:\/\/www.erfinde-dein-spiel.de\/spiele\/shop\/spiele-kategorie\/weltspiele\/lau-kati-kata\/","og_site_name":"(er-)finde DEIN Spiel","article_modified_time":"2016-01-21T21:48:28+00:00","og_image":[{"width":350,"height":317,"url":"https:\/\/www.erfinde-dein-spiel.de\/spiele\/wp-content\/uploads\/2015\/11\/PP_2591.jpg","type":"image\/jpeg"}],"twitter_card":"summary_large_image","schema":{"@context":"https:\/\/schema.org","@graph":[{"@type":"WebPage","@id":"https:\/\/www.erfinde-dein-spiel.de\/spiele\/shop\/spiele-kategorie\/weltspiele\/lau-kati-kata\/","url":"https:\/\/www.erfinde-dein-spiel.de\/spiele\/shop\/spiele-kategorie\/weltspiele\/lau-kati-kata\/","name":"Lau Kati Kata - (er-)finde DEIN Spiel","isPartOf":{"@id":"https:\/\/www.erfinde-dein-spiel.de\/spiele\/#website"},"primaryImageOfPage":{"@id":"https:\/\/www.erfinde-dein-spiel.de\/spiele\/shop\/spiele-kategorie\/weltspiele\/lau-kati-kata\/#primaryimage"},"image":{"@id":"https:\/\/www.erfinde-dein-spiel.de\/spiele\/shop\/spiele-kategorie\/weltspiele\/lau-kati-kata\/#primaryimage"},"thumbnailUrl":"https:\/\/www.erfinde-dein-spiel.de\/spiele\/wp-content\/uploads\/2015\/11\/PP_2591.jpg","datePublished":"2015-11-15T22:50:37+00:00","dateModified":"2016-01-21T21:48:28+00:00","breadcrumb":{"@id":"https:\/\/www.erfinde-dein-spiel.de\/spiele\/shop\/spiele-kategorie\/weltspiele\/lau-kati-kata\/#breadcrumb"},"inLanguage":"de-DE","potentialAction":[{"@type":"ReadAction","target":["https:\/\/www.erfinde-dein-spiel.de\/spiele\/shop\/spiele-kategorie\/weltspiele\/lau-kati-kata\/"]}]},{"@type":"ImageObject","inLanguage":"de-DE","@id":"https:\/\/www.erfinde-dein-spiel.de\/spiele\/shop\/spiele-kategorie\/weltspiele\/lau-kati-kata\/#primaryimage","url":"https:\/\/www.erfinde-dein-spiel.de\/spiele\/wp-content\/uploads\/2015\/11\/PP_2591.jpg","contentUrl":"https:\/\/www.erfinde-dein-spiel.de\/spiele\/wp-content\/uploads\/2015\/11\/PP_2591.jpg","width":350,"height":317,"caption":"Spiel Lau Kati Kata Brettspiel"},{"@type":"BreadcrumbList","@id":"https:\/\/www.erfinde-dein-spiel.de\/spiele\/shop\/spiele-kategorie\/weltspiele\/lau-kati-kata\/#breadcrumb","itemListElement":[{"@type":"ListItem","position":1,"name":"Home","item":"https:\/\/www.erfinde-dein-spiel.de\/spiele\/"},{"@type":"ListItem","position":2,"name":"Shop","item":"https:\/\/www.erfinde-dein-spiel.de\/spiele\/"},{"@type":"ListItem","position":3,"name":"Lau Kati Kata"}]},{"@type":"WebSite","@id":"https:\/\/www.erfinde-dein-spiel.de\/spiele\/#website","url":"https:\/\/www.erfinde-dein-spiel.de\/spiele\/","name":"(er-)finde DEIN Spiel","description":"Spiele aus der Community. Powered by Spieltz.","potentialAction":[{"@type":"SearchAction","target":{"@type":"EntryPoint","urlTemplate":"https:\/\/www.erfinde-dein-spiel.de\/spiele\/?s={search_term_string}"},"query-input":"required name=search_term_string"}],"inLanguage":"de-DE"}]}},"_links":{"self":[{"href":"https:\/\/www.erfinde-dein-spiel.de\/spiele\/wp-json\/wp\/v2\/product\/1277"}],"collection":[{"href":"https:\/\/www.erfinde-dein-spiel.de\/spiele\/wp-json\/wp\/v2\/product"}],"about":[{"href":"https:\/\/www.erfinde-dein-spiel.de\/spiele\/wp-json\/wp\/v2\/types\/product"}],"replies":[{"embeddable":true,"href":"https:\/\/www.erfinde-dein-spiel.de\/spiele\/wp-json\/wp\/v2\/comments?post=1277"}],"wp:featuredmedia":[{"embeddable":true,"href":"https:\/\/www.erfinde-dein-spiel.de\/spiele\/wp-json\/wp\/v2\/media\/1278"}],"wp:attachment":[{"href":"https:\/\/www.erfinde-dein-spiel.de\/spiele\/wp-json\/wp\/v2\/media?parent=1277"}],"wp:term":[{"taxonomy":"product_cat","embeddable":true,"href":"https:\/\/www.erfinde-dein-spiel.de\/spiele\/wp-json\/wp\/v2\/product_cat?post=1277"},{"taxonomy":"product_tag","embeddable":true,"href":"https:\/\/www.erfinde-dein-spiel.de\/spiele\/wp-json\/wp\/v2\/product_tag?post=1277"}],"curies":[{"name":"wp","href":"https:\/\/api.w.org\/{rel}","templated":true}]}}