{"id":259,"date":"2015-10-03T03:18:35","date_gmt":"2015-10-03T01:18:35","guid":{"rendered":"http:\/\/www.spieltz.de\/werbespiele\/?page_id=259"},"modified":"2016-01-22T03:51:10","modified_gmt":"2016-01-22T02:51:10","slug":"spieltz-agentur","status":"publish","type":"page","link":"https:\/\/www.erfinde-dein-spiel.de\/spiele\/spieltz-agentur\/","title":{"rendered":"Spieltz Agentur"},"content":{"rendered":"<p class=\"spruch text\">Wir entwickeln, gestalten, produzieren, vermarkten und vertreiben Brett-, Karten- und Legespiele und stehen unseren Kunden\u00a0bei allen Schritten hilfreich zur Seite \u2013 von der ersten Idee \u00fcber das fertige Spiel bis zu Marketing, Vertrieb und Kampagnenplanung. Je nach Aufgabenstellung setzen wir komplette Spieleprojekte um oder \u00fcbernehmen einzelne Aufgaben, wie z.B. Themenrecherche, grafische Umsetzung, Text \/ Lektorat oder Produktion.<\/p>\n<p class=\"spruch text\">&#8211;&gt;\u00a0<a href=\"http:\/\/spieltz.de\/agentur\" target=\"_blank\">Spieltz Agentur-Website<\/a>\u00a0 \u00a0 \u00a0 &#8211;&gt;\u00a0<a href=\"http:\/\/spieltz.de\/werbespiele\/\" target=\"_blank\">Spieltz Werbespiele-Shop<\/a>\u00a0 \u00a0 \u00a0&#8211;&gt;\u00a0<a href=\"http:\/\/spieltz.de\/agentur\/ueber-uns\/preise-preislisten\/\" target=\"_blank\">Preislisten f\u00fcr die Spiele-Produktion.<\/a><\/p>\n<h4><strong>Spieltz Agentur<\/strong><\/h4>\n<p>Auf Wunsch passen unsere Grafiker das gesamte Spiel an Ihr Corporate Design an. Oder wir setzen Ihre Produkte\u00a0in Szene, indem wir diese in eine Story einbetten. Wir entwickeln komplette Spiele oder \u00fcbernehmen einzelne Aufgaben, wie z.B. Themenrecherche, grafische Umsetzung,\u00a0Text oder\u00a0Lektorat.<br \/>\n<a href=\"http:\/\/spieltz.de\/agentur\" target=\"_blank\">Fragen Sie nach einem individuellen Angebot &#8211; HIER geht es zu unserer Agentur-Website.<\/a><\/p>\n<h4 class=\"spruch text\"><strong>Spieltz Werbespiele-Shop<\/strong><\/h4>\n<p class=\"spruch text\">In\u00a0unserem Werbespiele-Shop bieten wir fertige Spielkonzepte an,\u00a0mit oder ohne Branding, in Auflagen zwischen 10 und 10.000 Spielen. Das sind einerseits Klassiker \/ traditionelle Spiele wie z.B. Backgammon, M\u00fchle oder Halma, die schon seit langer Zeit\u00a0bekannt sind und weltweit gespielt werden. Andererseits\u00a0hat unser Team neue\u00a0Spielkonzepte entwickelt, die sich gut als Basis f\u00fcr Werbespiele eignen. Sie finden im Shop Spiele zu verschiedensten Themen, in unterschiedlichen Stilen. Die meisten unserer Spiele sind in mehreren Gr\u00f6\u00dfen erh\u00e4ltlich, viele auch\u00a0in verschiedenen\u00a0Ausf\u00fchrungen, z.B. als rollbare Planenspiele, klassische Brettspiele oder spielbare Klappkarten.<\/p>\n<p>Alle Spiele k\u00f6nnen gebrandet werden, Sie finden in unseren Listen\u00a0Preise mit und ohne Werbeaufdruck.<\/p>\n<h4><\/h4>\n<h4><strong>Spieltz Produktion<\/strong><\/h4>\n<p>Wir produzieren nicht nur von uns entwickelte\u00a0Spiele &#8211; wir sind auch gerne Ihr Partner f\u00fcr die Produktion von Spielen, die Sie selbst entwickelt und umgesetzt haben.\u00a0Wir fertigen komplette Spiele an, Sie k\u00f6nnen aber auch einzelne Komponenten bestellen. Ob Brettspiele, Karten oder Memospiele &#8211; in unserer Preisliste finden Sie Preisstaffeln von Auflagen zwischen 1 und 10.000 Spiele.<br \/>\n<a href=\"http:\/\/spieltz.de\/agentur\/ueber-uns\/preise-preislisten\/\" target=\"_blank\">HIER\u00a0finden Sie unsere Preislisten f\u00fcr die Spiele-Produktion.<\/a><\/p>\n<p>&nbsp;<\/p>\n","protected":false},"excerpt":{"rendered":"<p>Wir entwickeln, gestalten, produzieren, vermarkten und vertreiben Brett-, Karten- und Legespiele und stehen unseren Kunden\u00a0bei allen Schritten hilfreich zur Seite \u2013 von der ersten Idee \u00fcber das fertige Spiel bis zu Marketing, Vertrieb und Kampagnenplanung. Je nach Aufgabenstellung setzen wir komplette Spieleprojekte um oder \u00fcbernehmen einzelne Aufgaben, wie z.B. Themenrecherche, grafische Umsetzung, Text \/ Lektorat [&hellip;]<\/p>\n","protected":false},"author":2,"featured_media":0,"parent":0,"menu_order":0,"comment_status":"closed","ping_status":"closed","template":"page-fullwidth.php","meta":{"_themeisle_gutenberg_block_has_review":false,"footnotes":""},"yoast_head":"<!-- This site is optimized with the Yoast SEO plugin v22.6 - https:\/\/yoast.com\/wordpress\/plugins\/seo\/ -->\n<title>Spieltz Agentur - (er-)finde DEIN Spiel<\/title>\n<meta name=\"robots\" content=\"index, follow, max-snippet:-1, max-image-preview:large, max-video-preview:-1\" \/>\n<link rel=\"canonical\" href=\"https:\/\/www.erfinde-dein-spiel.de\/spiele\/spieltz-agentur\/\" \/>\n<meta property=\"og:locale\" content=\"de_DE\" \/>\n<meta property=\"og:type\" content=\"article\" \/>\n<meta property=\"og:title\" content=\"Spieltz Agentur - (er-)finde DEIN Spiel\" \/>\n<meta property=\"og:description\" content=\"Wir entwickeln, gestalten, produzieren, vermarkten und vertreiben Brett-, Karten- und Legespiele und stehen unseren Kunden\u00a0bei allen Schritten hilfreich zur Seite \u2013 von der ersten Idee \u00fcber das fertige Spiel bis zu Marketing, Vertrieb und Kampagnenplanung. Je nach Aufgabenstellung setzen wir komplette Spieleprojekte um oder \u00fcbernehmen einzelne Aufgaben, wie z.B. Themenrecherche, grafische Umsetzung, Text \/ Lektorat [&hellip;]\" \/>\n<meta property=\"og:url\" content=\"https:\/\/www.erfinde-dein-spiel.de\/spiele\/spieltz-agentur\/\" \/>\n<meta property=\"og:site_name\" content=\"(er-)finde DEIN Spiel\" \/>\n<meta property=\"article:modified_time\" content=\"2016-01-22T02:51:10+00:00\" \/>\n<meta name=\"twitter:card\" content=\"summary_large_image\" \/>\n<meta name=\"twitter:label1\" content=\"Gesch\u00e4tzte Lesezeit\" \/>\n\t<meta name=\"twitter:data1\" content=\"2 Minuten\" \/>\n<script type=\"application\/ld+json\" class=\"yoast-schema-graph\">{\"@context\":\"https:\/\/schema.org\",\"@graph\":[{\"@type\":\"WebPage\",\"@id\":\"https:\/\/www.erfinde-dein-spiel.de\/spiele\/spieltz-agentur\/\",\"url\":\"https:\/\/www.erfinde-dein-spiel.de\/spiele\/spieltz-agentur\/\",\"name\":\"Spieltz Agentur - (er-)finde DEIN Spiel\",\"isPartOf\":{\"@id\":\"https:\/\/www.erfinde-dein-spiel.de\/spiele\/#website\"},\"datePublished\":\"2015-10-03T01:18:35+00:00\",\"dateModified\":\"2016-01-22T02:51:10+00:00\",\"breadcrumb\":{\"@id\":\"https:\/\/www.erfinde-dein-spiel.de\/spiele\/spieltz-agentur\/#breadcrumb\"},\"inLanguage\":\"de-DE\",\"potentialAction\":[{\"@type\":\"ReadAction\",\"target\":[\"https:\/\/www.erfinde-dein-spiel.de\/spiele\/spieltz-agentur\/\"]}]},{\"@type\":\"BreadcrumbList\",\"@id\":\"https:\/\/www.erfinde-dein-spiel.de\/spiele\/spieltz-agentur\/#breadcrumb\",\"itemListElement\":[{\"@type\":\"ListItem\",\"position\":1,\"name\":\"Home\",\"item\":\"https:\/\/www.erfinde-dein-spiel.de\/spiele\/\"},{\"@type\":\"ListItem\",\"position\":2,\"name\":\"Spieltz Agentur\"}]},{\"@type\":\"WebSite\",\"@id\":\"https:\/\/www.erfinde-dein-spiel.de\/spiele\/#website\",\"url\":\"https:\/\/www.erfinde-dein-spiel.de\/spiele\/\",\"name\":\"(er-)finde DEIN Spiel\",\"description\":\"Spiele aus der Community. Powered by Spieltz.\",\"potentialAction\":[{\"@type\":\"SearchAction\",\"target\":{\"@type\":\"EntryPoint\",\"urlTemplate\":\"https:\/\/www.erfinde-dein-spiel.de\/spiele\/?s={search_term_string}\"},\"query-input\":\"required name=search_term_string\"}],\"inLanguage\":\"de-DE\"}]}<\/script>\n<!-- \/ Yoast SEO plugin. -->","yoast_head_json":{"title":"Spieltz Agentur - (er-)finde DEIN Spiel","robots":{"index":"index","follow":"follow","max-snippet":"max-snippet:-1","max-image-preview":"max-image-preview:large","max-video-preview":"max-video-preview:-1"},"canonical":"https:\/\/www.erfinde-dein-spiel.de\/spiele\/spieltz-agentur\/","og_locale":"de_DE","og_type":"article","og_title":"Spieltz Agentur - (er-)finde DEIN Spiel","og_description":"Wir entwickeln, gestalten, produzieren, vermarkten und vertreiben Brett-, Karten- und Legespiele und stehen unseren Kunden\u00a0bei allen Schritten hilfreich zur Seite \u2013 von der ersten Idee \u00fcber das fertige Spiel bis zu Marketing, Vertrieb und Kampagnenplanung. Je nach Aufgabenstellung setzen wir komplette Spieleprojekte um oder \u00fcbernehmen einzelne Aufgaben, wie z.B. Themenrecherche, grafische Umsetzung, Text \/ Lektorat [&hellip;]","og_url":"https:\/\/www.erfinde-dein-spiel.de\/spiele\/spieltz-agentur\/","og_site_name":"(er-)finde DEIN Spiel","article_modified_time":"2016-01-22T02:51:10+00:00","twitter_card":"summary_large_image","twitter_misc":{"Gesch\u00e4tzte Lesezeit":"2 Minuten"},"schema":{"@context":"https:\/\/schema.org","@graph":[{"@type":"WebPage","@id":"https:\/\/www.erfinde-dein-spiel.de\/spiele\/spieltz-agentur\/","url":"https:\/\/www.erfinde-dein-spiel.de\/spiele\/spieltz-agentur\/","name":"Spieltz Agentur - (er-)finde DEIN Spiel","isPartOf":{"@id":"https:\/\/www.erfinde-dein-spiel.de\/spiele\/#website"},"datePublished":"2015-10-03T01:18:35+00:00","dateModified":"2016-01-22T02:51:10+00:00","breadcrumb":{"@id":"https:\/\/www.erfinde-dein-spiel.de\/spiele\/spieltz-agentur\/#breadcrumb"},"inLanguage":"de-DE","potentialAction":[{"@type":"ReadAction","target":["https:\/\/www.erfinde-dein-spiel.de\/spiele\/spieltz-agentur\/"]}]},{"@type":"BreadcrumbList","@id":"https:\/\/www.erfinde-dein-spiel.de\/spiele\/spieltz-agentur\/#breadcrumb","itemListElement":[{"@type":"ListItem","position":1,"name":"Home","item":"https:\/\/www.erfinde-dein-spiel.de\/spiele\/"},{"@type":"ListItem","position":2,"name":"Spieltz Agentur"}]},{"@type":"WebSite","@id":"https:\/\/www.erfinde-dein-spiel.de\/spiele\/#website","url":"https:\/\/www.erfinde-dein-spiel.de\/spiele\/","name":"(er-)finde DEIN Spiel","description":"Spiele aus der Community. Powered by Spieltz.","potentialAction":[{"@type":"SearchAction","target":{"@type":"EntryPoint","urlTemplate":"https:\/\/www.erfinde-dein-spiel.de\/spiele\/?s={search_term_string}"},"query-input":"required name=search_term_string"}],"inLanguage":"de-DE"}]}},"_links":{"self":[{"href":"https:\/\/www.erfinde-dein-spiel.de\/spiele\/wp-json\/wp\/v2\/pages\/259"}],"collection":[{"href":"https:\/\/www.erfinde-dein-spiel.de\/spiele\/wp-json\/wp\/v2\/pages"}],"about":[{"href":"https:\/\/www.erfinde-dein-spiel.de\/spiele\/wp-json\/wp\/v2\/types\/page"}],"author":[{"embeddable":true,"href":"https:\/\/www.erfinde-dein-spiel.de\/spiele\/wp-json\/wp\/v2\/users\/2"}],"replies":[{"embeddable":true,"href":"https:\/\/www.erfinde-dein-spiel.de\/spiele\/wp-json\/wp\/v2\/comments?post=259"}],"version-history":[{"count":7,"href":"https:\/\/www.erfinde-dein-spiel.de\/spiele\/wp-json\/wp\/v2\/pages\/259\/revisions"}],"predecessor-version":[{"id":1895,"href":"https:\/\/www.erfinde-dein-spiel.de\/spiele\/wp-json\/wp\/v2\/pages\/259\/revisions\/1895"}],"wp:attachment":[{"href":"https:\/\/www.erfinde-dein-spiel.de\/spiele\/wp-json\/wp\/v2\/media?parent=259"}],"curies":[{"name":"wp","href":"https:\/\/api.w.org\/{rel}","templated":true}]}}