{"id":1746,"date":"2016-01-19T03:02:32","date_gmt":"2016-01-19T02:02:32","guid":{"rendered":"http:\/\/www.erfinde-dein-spiel.de\/spiele\/?page_id=1746"},"modified":"2016-01-19T03:04:35","modified_gmt":"2016-01-19T02:04:35","slug":"koffer-spiele","status":"publish","type":"page","link":"https:\/\/www.erfinde-dein-spiel.de\/spiele\/shops-autoren\/koffer-spiele\/","title":{"rendered":"Koffer-Spiele"},"content":{"rendered":"<p>KofferSpiele gibt es jetzt auch bei Spieltz.de. Unsere Brettspiele haben wir daf\u00fcr extra modifiziert, so dass sie keine Spielkarten brauchen, und jetzt P\u00f6ppel gesammelt werden m\u00fcssen, und die W\u00fcrfelaugen entscheiden, welche Aktion \/ Ereignis ausgespielt wird. Den Anfang machen mit:\u00a0<span class=\"Apple-style-span\">LOONA &#8211; Das verflixte Brettspiel<\/span>\u00a0in zwei Versionen,\u00a0<span class=\"Apple-style-span\">Deutschalnd sucht den Online Redakteur 2.0<\/span> (offizielles Spiel des MANIAX Magazins) und die BETA-Version von <span class=\"Apple-style-span\">TRICK or TREAT<\/span>\u00a0zum gr\u00f6\u00dften BETA-Test, den es jemals zu einem Brett- &amp; Kartenspiel gegeben hat, in der exklusiven Spieltz-Edition!<\/p>\n<div>Wenn Ihr mal Hilfe bei einem unserer Brettspiele braucht: Auf <span class=\"Apple-style-span\"><a href=\"http:\/\/www.YouTube.com\/KofferSpiele\" target=\"_blank\">www.YouTube.com\/KofferSpiele<\/a>\u00a0<\/span>gibt es Spielanleitungen als Videos!<\/div>\n<div>Und auf <span class=\"Apple-style-span\"><a href=\"http:\/\/www.KofferSpiele.de\" target=\"_blank\">www.KofferSpiele.de<\/a><\/span> gibt es noch jede Menge weitere Spiele zu entdecken!<\/div>\n","protected":false},"excerpt":{"rendered":"<p>KofferSpiele gibt es jetzt auch bei Spieltz.de. Unsere Brettspiele haben wir daf\u00fcr extra modifiziert, so dass sie keine Spielkarten brauchen, und jetzt P\u00f6ppel gesammelt werden m\u00fcssen, und die W\u00fcrfelaugen entscheiden, welche Aktion \/ Ereignis ausgespielt wird. Den Anfang machen mit:\u00a0LOONA &#8211; Das verflixte Brettspiel\u00a0in zwei Versionen,\u00a0Deutschalnd sucht den Online Redakteur 2.0 (offizielles Spiel des MANIAX [&hellip;]<\/p>\n","protected":false},"author":2,"featured_media":1748,"parent":1616,"menu_order":0,"comment_status":"closed","ping_status":"closed","template":"","meta":{"_themeisle_gutenberg_block_has_review":false,"footnotes":""},"yoast_head":"<!-- This site is optimized with the Yoast SEO plugin v22.6 - https:\/\/yoast.com\/wordpress\/plugins\/seo\/ -->\n<title>Koffer-Spiele - (er-)finde DEIN Spiel<\/title>\n<meta name=\"robots\" content=\"index, follow, max-snippet:-1, max-image-preview:large, max-video-preview:-1\" \/>\n<link rel=\"canonical\" href=\"https:\/\/www.erfinde-dein-spiel.de\/spiele\/shops-autoren\/koffer-spiele\/\" \/>\n<meta property=\"og:locale\" content=\"de_DE\" \/>\n<meta property=\"og:type\" content=\"article\" \/>\n<meta property=\"og:title\" content=\"Koffer-Spiele - (er-)finde DEIN Spiel\" \/>\n<meta property=\"og:description\" content=\"KofferSpiele gibt es jetzt auch bei Spieltz.de. Unsere Brettspiele haben wir daf\u00fcr extra modifiziert, so dass sie keine Spielkarten brauchen, und jetzt P\u00f6ppel gesammelt werden m\u00fcssen, und die W\u00fcrfelaugen entscheiden, welche Aktion \/ Ereignis ausgespielt wird. Den Anfang machen mit:\u00a0LOONA &#8211; Das verflixte Brettspiel\u00a0in zwei Versionen,\u00a0Deutschalnd sucht den Online Redakteur 2.0 (offizielles Spiel des MANIAX [&hellip;]\" \/>\n<meta property=\"og:url\" content=\"https:\/\/www.erfinde-dein-spiel.de\/spiele\/shops-autoren\/koffer-spiele\/\" \/>\n<meta property=\"og:site_name\" content=\"(er-)finde DEIN Spiel\" \/>\n<meta property=\"article:modified_time\" content=\"2016-01-19T02:04:35+00:00\" \/>\n<meta property=\"og:image\" content=\"https:\/\/www.erfinde-dein-spiel.de\/spiele\/wp-content\/uploads\/2016\/01\/koffer-spiele.jpg\" \/>\n\t<meta property=\"og:image:width\" content=\"150\" \/>\n\t<meta property=\"og:image:height\" content=\"150\" \/>\n\t<meta property=\"og:image:type\" content=\"image\/jpeg\" \/>\n<meta name=\"twitter:card\" content=\"summary_large_image\" \/>\n<meta name=\"twitter:label1\" content=\"Gesch\u00e4tzte Lesezeit\" \/>\n\t<meta name=\"twitter:data1\" content=\"1 Minute\" \/>\n<script type=\"application\/ld+json\" class=\"yoast-schema-graph\">{\"@context\":\"https:\/\/schema.org\",\"@graph\":[{\"@type\":\"WebPage\",\"@id\":\"https:\/\/www.erfinde-dein-spiel.de\/spiele\/shops-autoren\/koffer-spiele\/\",\"url\":\"https:\/\/www.erfinde-dein-spiel.de\/spiele\/shops-autoren\/koffer-spiele\/\",\"name\":\"Koffer-Spiele - (er-)finde DEIN Spiel\",\"isPartOf\":{\"@id\":\"https:\/\/www.erfinde-dein-spiel.de\/spiele\/#website\"},\"primaryImageOfPage\":{\"@id\":\"https:\/\/www.erfinde-dein-spiel.de\/spiele\/shops-autoren\/koffer-spiele\/#primaryimage\"},\"image\":{\"@id\":\"https:\/\/www.erfinde-dein-spiel.de\/spiele\/shops-autoren\/koffer-spiele\/#primaryimage\"},\"thumbnailUrl\":\"https:\/\/www.erfinde-dein-spiel.de\/spiele\/wp-content\/uploads\/2016\/01\/koffer-spiele.jpg\",\"datePublished\":\"2016-01-19T02:02:32+00:00\",\"dateModified\":\"2016-01-19T02:04:35+00:00\",\"breadcrumb\":{\"@id\":\"https:\/\/www.erfinde-dein-spiel.de\/spiele\/shops-autoren\/koffer-spiele\/#breadcrumb\"},\"inLanguage\":\"de-DE\",\"potentialAction\":[{\"@type\":\"ReadAction\",\"target\":[\"https:\/\/www.erfinde-dein-spiel.de\/spiele\/shops-autoren\/koffer-spiele\/\"]}]},{\"@type\":\"ImageObject\",\"inLanguage\":\"de-DE\",\"@id\":\"https:\/\/www.erfinde-dein-spiel.de\/spiele\/shops-autoren\/koffer-spiele\/#primaryimage\",\"url\":\"https:\/\/www.erfinde-dein-spiel.de\/spiele\/wp-content\/uploads\/2016\/01\/koffer-spiele.jpg\",\"contentUrl\":\"https:\/\/www.erfinde-dein-spiel.de\/spiele\/wp-content\/uploads\/2016\/01\/koffer-spiele.jpg\",\"width\":150,\"height\":150,\"caption\":\"koffer-spiele\"},{\"@type\":\"BreadcrumbList\",\"@id\":\"https:\/\/www.erfinde-dein-spiel.de\/spiele\/shops-autoren\/koffer-spiele\/#breadcrumb\",\"itemListElement\":[{\"@type\":\"ListItem\",\"position\":1,\"name\":\"Home\",\"item\":\"https:\/\/www.erfinde-dein-spiel.de\/spiele\/\"},{\"@type\":\"ListItem\",\"position\":2,\"name\":\"Shops \/ Autoren\",\"item\":\"https:\/\/www.erfinde-dein-spiel.de\/spiele\/shops-autoren\/\"},{\"@type\":\"ListItem\",\"position\":3,\"name\":\"Koffer-Spiele\"}]},{\"@type\":\"WebSite\",\"@id\":\"https:\/\/www.erfinde-dein-spiel.de\/spiele\/#website\",\"url\":\"https:\/\/www.erfinde-dein-spiel.de\/spiele\/\",\"name\":\"(er-)finde DEIN Spiel\",\"description\":\"Spiele aus der Community. Powered by Spieltz.\",\"potentialAction\":[{\"@type\":\"SearchAction\",\"target\":{\"@type\":\"EntryPoint\",\"urlTemplate\":\"https:\/\/www.erfinde-dein-spiel.de\/spiele\/?s={search_term_string}\"},\"query-input\":\"required name=search_term_string\"}],\"inLanguage\":\"de-DE\"}]}<\/script>\n<!-- \/ Yoast SEO plugin. -->","yoast_head_json":{"title":"Koffer-Spiele - (er-)finde DEIN Spiel","robots":{"index":"index","follow":"follow","max-snippet":"max-snippet:-1","max-image-preview":"max-image-preview:large","max-video-preview":"max-video-preview:-1"},"canonical":"https:\/\/www.erfinde-dein-spiel.de\/spiele\/shops-autoren\/koffer-spiele\/","og_locale":"de_DE","og_type":"article","og_title":"Koffer-Spiele - (er-)finde DEIN Spiel","og_description":"KofferSpiele gibt es jetzt auch bei Spieltz.de. Unsere Brettspiele haben wir daf\u00fcr extra modifiziert, so dass sie keine Spielkarten brauchen, und jetzt P\u00f6ppel gesammelt werden m\u00fcssen, und die W\u00fcrfelaugen entscheiden, welche Aktion \/ Ereignis ausgespielt wird. Den Anfang machen mit:\u00a0LOONA &#8211; Das verflixte Brettspiel\u00a0in zwei Versionen,\u00a0Deutschalnd sucht den Online Redakteur 2.0 (offizielles Spiel des MANIAX [&hellip;]","og_url":"https:\/\/www.erfinde-dein-spiel.de\/spiele\/shops-autoren\/koffer-spiele\/","og_site_name":"(er-)finde DEIN Spiel","article_modified_time":"2016-01-19T02:04:35+00:00","og_image":[{"width":150,"height":150,"url":"https:\/\/www.erfinde-dein-spiel.de\/spiele\/wp-content\/uploads\/2016\/01\/koffer-spiele.jpg","type":"image\/jpeg"}],"twitter_card":"summary_large_image","twitter_misc":{"Gesch\u00e4tzte Lesezeit":"1 Minute"},"schema":{"@context":"https:\/\/schema.org","@graph":[{"@type":"WebPage","@id":"https:\/\/www.erfinde-dein-spiel.de\/spiele\/shops-autoren\/koffer-spiele\/","url":"https:\/\/www.erfinde-dein-spiel.de\/spiele\/shops-autoren\/koffer-spiele\/","name":"Koffer-Spiele - (er-)finde DEIN Spiel","isPartOf":{"@id":"https:\/\/www.erfinde-dein-spiel.de\/spiele\/#website"},"primaryImageOfPage":{"@id":"https:\/\/www.erfinde-dein-spiel.de\/spiele\/shops-autoren\/koffer-spiele\/#primaryimage"},"image":{"@id":"https:\/\/www.erfinde-dein-spiel.de\/spiele\/shops-autoren\/koffer-spiele\/#primaryimage"},"thumbnailUrl":"https:\/\/www.erfinde-dein-spiel.de\/spiele\/wp-content\/uploads\/2016\/01\/koffer-spiele.jpg","datePublished":"2016-01-19T02:02:32+00:00","dateModified":"2016-01-19T02:04:35+00:00","breadcrumb":{"@id":"https:\/\/www.erfinde-dein-spiel.de\/spiele\/shops-autoren\/koffer-spiele\/#breadcrumb"},"inLanguage":"de-DE","potentialAction":[{"@type":"ReadAction","target":["https:\/\/www.erfinde-dein-spiel.de\/spiele\/shops-autoren\/koffer-spiele\/"]}]},{"@type":"ImageObject","inLanguage":"de-DE","@id":"https:\/\/www.erfinde-dein-spiel.de\/spiele\/shops-autoren\/koffer-spiele\/#primaryimage","url":"https:\/\/www.erfinde-dein-spiel.de\/spiele\/wp-content\/uploads\/2016\/01\/koffer-spiele.jpg","contentUrl":"https:\/\/www.erfinde-dein-spiel.de\/spiele\/wp-content\/uploads\/2016\/01\/koffer-spiele.jpg","width":150,"height":150,"caption":"koffer-spiele"},{"@type":"BreadcrumbList","@id":"https:\/\/www.erfinde-dein-spiel.de\/spiele\/shops-autoren\/koffer-spiele\/#breadcrumb","itemListElement":[{"@type":"ListItem","position":1,"name":"Home","item":"https:\/\/www.erfinde-dein-spiel.de\/spiele\/"},{"@type":"ListItem","position":2,"name":"Shops \/ Autoren","item":"https:\/\/www.erfinde-dein-spiel.de\/spiele\/shops-autoren\/"},{"@type":"ListItem","position":3,"name":"Koffer-Spiele"}]},{"@type":"WebSite","@id":"https:\/\/www.erfinde-dein-spiel.de\/spiele\/#website","url":"https:\/\/www.erfinde-dein-spiel.de\/spiele\/","name":"(er-)finde DEIN Spiel","description":"Spiele aus der Community. Powered by Spieltz.","potentialAction":[{"@type":"SearchAction","target":{"@type":"EntryPoint","urlTemplate":"https:\/\/www.erfinde-dein-spiel.de\/spiele\/?s={search_term_string}"},"query-input":"required name=search_term_string"}],"inLanguage":"de-DE"}]}},"_links":{"self":[{"href":"https:\/\/www.erfinde-dein-spiel.de\/spiele\/wp-json\/wp\/v2\/pages\/1746"}],"collection":[{"href":"https:\/\/www.erfinde-dein-spiel.de\/spiele\/wp-json\/wp\/v2\/pages"}],"about":[{"href":"https:\/\/www.erfinde-dein-spiel.de\/spiele\/wp-json\/wp\/v2\/types\/page"}],"author":[{"embeddable":true,"href":"https:\/\/www.erfinde-dein-spiel.de\/spiele\/wp-json\/wp\/v2\/users\/2"}],"replies":[{"embeddable":true,"href":"https:\/\/www.erfinde-dein-spiel.de\/spiele\/wp-json\/wp\/v2\/comments?post=1746"}],"version-history":[{"count":2,"href":"https:\/\/www.erfinde-dein-spiel.de\/spiele\/wp-json\/wp\/v2\/pages\/1746\/revisions"}],"predecessor-version":[{"id":1749,"href":"https:\/\/www.erfinde-dein-spiel.de\/spiele\/wp-json\/wp\/v2\/pages\/1746\/revisions\/1749"}],"up":[{"embeddable":true,"href":"https:\/\/www.erfinde-dein-spiel.de\/spiele\/wp-json\/wp\/v2\/pages\/1616"}],"wp:featuredmedia":[{"embeddable":true,"href":"https:\/\/www.erfinde-dein-spiel.de\/spiele\/wp-json\/wp\/v2\/media\/1748"}],"wp:attachment":[{"href":"https:\/\/www.erfinde-dein-spiel.de\/spiele\/wp-json\/wp\/v2\/media?parent=1746"}],"curies":[{"name":"wp","href":"https:\/\/api.w.org\/{rel}","templated":true}]}}